{"id":3693,"date":"2022-10-11T21:44:42","date_gmt":"2022-10-11T21:44:42","guid":{"rendered":"https:\/\/firmaonline.org\/xifirma\/?page_id=3693"},"modified":"2022-11-21T13:33:42","modified_gmt":"2022-11-21T13:33:42","slug":"curso-13","status":"publish","type":"page","link":"https:\/\/firmaonline.org\/xifirma\/curso-13\/","title":{"rendered":"Curso-13"},"content":{"rendered":"\t\t<div data-elementor-type=\"wp-page\" data-elementor-id=\"3693\" class=\"elementor elementor-3693\">\n\t\t\t\t\t\t\t\t\t<section data-particle_enable=\"false\" data-particle-mobile-disabled=\"false\" class=\"elementor-section elementor-top-section elementor-element elementor-element-c1877c6 elementor-section-boxed elementor-section-height-default elementor-section-height-default\" data-id=\"c1877c6\" data-element_type=\"section\">\n\t\t\t\t\t\t<div class=\"elementor-container elementor-column-gap-default\">\n\t\t\t\t\t<div class=\"elementor-column elementor-col-50 elementor-top-column elementor-element elementor-element-5540029\" data-id=\"5540029\" data-element_type=\"column\">\n\t\t\t<div class=\"elementor-widget-wrap elementor-element-populated\">\n\t\t\t\t\t\t\t\t<div class=\"elementor-element elementor-element-d009758 elementor-widget elementor-widget-image\" data-id=\"d009758\" data-element_type=\"widget\" data-widget_type=\"image.default\">\n\t\t\t\t<div class=\"elementor-widget-container\">\n\t\t\t<style>\/*! elementor - v3.6.6 - 08-06-2022 *\/\n.elementor-widget-image{text-align:center}.elementor-widget-image a{display:inline-block}.elementor-widget-image a img[src$=\".svg\"]{width:48px}.elementor-widget-image img{vertical-align:middle;display:inline-block}<\/style>\t\t\t\t\t\t\t\t\t\t\t\t<img loading=\"lazy\" decoding=\"async\" width=\"1024\" height=\"953\" src=\"https:\/\/firmaonline.org\/xifirma\/wp-content\/uploads\/2022\/10\/Curso-13-1-1024x953.jpg\" class=\"attachment-large size-large\" alt=\"Biotecnolog\u00eda Azul\" srcset=\"https:\/\/firmaonline.org\/xifirma\/wp-content\/uploads\/2022\/10\/Curso-13-1-1024x953.jpg 1024w, https:\/\/firmaonline.org\/xifirma\/wp-content\/uploads\/2022\/10\/Curso-13-1-300x279.jpg 300w, https:\/\/firmaonline.org\/xifirma\/wp-content\/uploads\/2022\/10\/Curso-13-1-768x715.jpg 768w, https:\/\/firmaonline.org\/xifirma\/wp-content\/uploads\/2022\/10\/Curso-13-1.jpg 1363w\" sizes=\"auto, (max-width: 1024px) 100vw, 1024px\" \/>\t\t\t\t\t\t\t\t\t\t\t\t\t\t\t<\/div>\n\t\t\t\t<\/div>\n\t\t\t\t\t<\/div>\n\t\t<\/div>\n\t\t\t\t<div class=\"elementor-column elementor-col-50 elementor-top-column elementor-element elementor-element-cab990f\" data-id=\"cab990f\" data-element_type=\"column\" data-settings=\"{&quot;background_background&quot;:&quot;classic&quot;}\">\n\t\t\t<div class=\"elementor-widget-wrap elementor-element-populated\">\n\t\t\t\t\t\t\t\t<div class=\"elementor-element elementor-element-b552286 elementor-widget elementor-widget-heading\" data-id=\"b552286\" data-element_type=\"widget\" data-widget_type=\"heading.default\">\n\t\t\t\t<div class=\"elementor-widget-container\">\n\t\t\t<style>\/*! elementor - v3.6.6 - 08-06-2022 *\/\n.elementor-heading-title{padding:0;margin:0;line-height:1}.elementor-widget-heading .elementor-heading-title[class*=elementor-size-]>a{color:inherit;font-size:inherit;line-height:inherit}.elementor-widget-heading .elementor-heading-title.elementor-size-small{font-size:15px}.elementor-widget-heading .elementor-heading-title.elementor-size-medium{font-size:19px}.elementor-widget-heading .elementor-heading-title.elementor-size-large{font-size:29px}.elementor-widget-heading .elementor-heading-title.elementor-size-xl{font-size:39px}.elementor-widget-heading .elementor-heading-title.elementor-size-xxl{font-size:59px}<\/style><h2 class=\"elementor-heading-title elementor-size-default\">Biotecnolog\u00eda Azul<\/h2>\t\t<\/div>\n\t\t\t\t<\/div>\n\t\t\t\t<div class=\"elementor-element elementor-element-6d0fa0d elementor-widget elementor-widget-heading\" data-id=\"6d0fa0d\" data-element_type=\"widget\" data-widget_type=\"heading.default\">\n\t\t\t\t<div class=\"elementor-widget-container\">\n\t\t\t<h2 class=\"elementor-heading-title elementor-size-default\"><strong>Instructora:<\/strong>  Shailili Mercedes Moreno Morales<\/h2>\t\t<\/div>\n\t\t\t\t<\/div>\n\t\t\t\t<div class=\"elementor-element elementor-element-a7e8c97 elementor-widget elementor-widget-heading\" data-id=\"a7e8c97\" data-element_type=\"widget\" data-widget_type=\"heading.default\">\n\t\t\t\t<div class=\"elementor-widget-container\">\n\t\t\t<h2 class=\"elementor-heading-title elementor-size-default\"><strong>Duraci\u00f3n: <\/strong> 8 horas<br><strong>Modalidad: <\/strong> Online<\/h2>\t\t<\/div>\n\t\t\t\t<\/div>\n\t\t\t\t<div class=\"elementor-element elementor-element-7f63807 elementor-widget elementor-widget-heading\" data-id=\"7f63807\" data-element_type=\"widget\" data-widget_type=\"heading.default\">\n\t\t\t\t<div class=\"elementor-widget-container\">\n\t\t\t<h2 class=\"elementor-heading-title elementor-size-default\"><strong>Horario:<\/strong><\/h2>\t\t<\/div>\n\t\t\t\t<\/div>\n\t\t\t\t<div class=\"elementor-element elementor-element-1c8cb7d elementor-widget elementor-widget-text-editor\" data-id=\"1c8cb7d\" data-element_type=\"widget\" data-widget_type=\"text-editor.default\">\n\t\t\t\t<div class=\"elementor-widget-container\">\n\t\t\t<style>\/*! elementor - v3.6.6 - 08-06-2022 *\/\n.elementor-widget-text-editor.elementor-drop-cap-view-stacked .elementor-drop-cap{background-color:#818a91;color:#fff}.elementor-widget-text-editor.elementor-drop-cap-view-framed .elementor-drop-cap{color:#818a91;border:3px solid;background-color:transparent}.elementor-widget-text-editor:not(.elementor-drop-cap-view-default) .elementor-drop-cap{margin-top:8px}.elementor-widget-text-editor:not(.elementor-drop-cap-view-default) .elementor-drop-cap-letter{width:1em;height:1em}.elementor-widget-text-editor .elementor-drop-cap{float:left;text-align:center;line-height:1;font-size:50px}.elementor-widget-text-editor .elementor-drop-cap-letter{display:inline-block}<\/style>\t\t\t\t<ul><li>19 Nov desde las 8h a 12h (Hora Ecuador)<\/li><li>20 Nov desde las 8h a 12h (Hora Ecuador)<\/li><\/ul>\t\t\t\t\t\t<\/div>\n\t\t\t\t<\/div>\n\t\t\t\t\t<\/div>\n\t\t<\/div>\n\t\t\t\t\t\t\t<\/div>\n\t\t<\/section>\n\t\t\t\t<section data-particle_enable=\"false\" data-particle-mobile-disabled=\"false\" class=\"elementor-section elementor-top-section elementor-element elementor-element-e3e425d elementor-reverse-mobile elementor-section-boxed elementor-section-height-default elementor-section-height-default\" data-id=\"e3e425d\" data-element_type=\"section\">\n\t\t\t\t\t\t<div class=\"elementor-container elementor-column-gap-default\">\n\t\t\t\t\t<div class=\"elementor-column elementor-col-50 elementor-top-column elementor-element elementor-element-ff9ecd7\" data-id=\"ff9ecd7\" data-element_type=\"column\">\n\t\t\t<div class=\"elementor-widget-wrap elementor-element-populated\">\n\t\t\t\t\t\t\t\t<div class=\"elementor-element elementor-element-3249bc6 elementor-widget elementor-widget-text-editor\" data-id=\"3249bc6\" data-element_type=\"widget\" data-widget_type=\"text-editor.default\">\n\t\t\t\t<div class=\"elementor-widget-container\">\n\t\t\t\t\t\t\t<p><strong>SHAILILI M. MORENO MORALES<\/strong>: Graduada de Licenciada en Qu\u00edmica en la \u201cUniversidad de Oriente,\u201d Cuman\u00e1, Venezuela en el 2003, al concluir sus estudios trabaja en la Universidad de Oriente, N\u00facleo de Sucre como Profesor- Investigador desde noviembre del 2005 hasta noviembre del 2019. Posee amplia experiencia en la investigaci\u00f3n cient\u00edfica siendo miembro de la Asociaci\u00f3n Venezolana para el Avance de la Ciencia (AsoVAC) Cap\u00edtulo Oriente, desde septiembre del 2005 hasta septiembre del 2019. Obtiene el grado acad\u00e9mico de Doctor en Qu\u00edmica el 14 de febrero de 2013 en la Universidad Sim\u00f3n Bol\u00edvar, Caracas, Venezuela. Actualmente es Docente de la Facultad de Ciencias Pecuarias y Biol\u00f3gicas de la Universidad T\u00e9cnica Estatal de Quevedo. Ha dictado cursos de posgrados en diferentes \u00e1reas de su especialidad en la Universidad de Oriente- Venezuela y en la Universidad Estatal de Milagro-Ecuador, adem\u00e1s ha impartido cursos de pregrado en la Universidad de Oriente-Sucre-Venezuela, Universidad UTE-Santo Domingo-Ecuador y en la Unemi-Milagro-Ecuador. Ha recibido capacitaci\u00f3n constante con desde el 2003 hasta el 2022 con cursos relacionados con perfil profesional y sus l\u00edneas de investigaci\u00f3n. Ha participado como ponente en 25 Congresos Cient\u00edficos. Tienes 14 publicaciones cient\u00edficas en revistas indexadas. Participa como revisor de 2 revistas relacionadas con sus l\u00edneas de investigaci\u00f3n y ha participado en proyectos de investigaci\u00f3n. Ha sido director de tesis, en 10 tesis de Licenciatura y 1 tesis de maestr\u00eda. Es autor de 1 cap\u00edtulo de libro. Es acreedor de diferentes premios y reconocimientos entre los que se encuentran:\u00a0 Programa Promoci\u00f3n al Investigador (PPI) del Ministerio de Ciencia y Tecnolog\u00eda, Venezuela en el a\u00f1o 2008. Programa de Est\u00edmulo a la Investigaci\u00f3n (PEI) del Ministerio de Educaci\u00f3n Superior en los a\u00f1os 2011, 2013 y 2016, Programa SAI-UDO en la Universidad de Oriente en los a\u00f1os 2013 y 2015. Reconocimiento por 5 y 10 a\u00f1os de servicio en la UDO-NS. Seleccionada para el programa J\u00f3venes Mujeres en Ciencia \u201cRelatos de inspiraci\u00f3n a la Ciencia\u201d 2018.<\/p>\t\t\t\t\t\t<\/div>\n\t\t\t\t<\/div>\n\t\t\t\t\t<\/div>\n\t\t<\/div>\n\t\t\t\t<div class=\"elementor-column elementor-col-50 elementor-top-column elementor-element elementor-element-16c509c\" data-id=\"16c509c\" data-element_type=\"column\">\n\t\t\t<div class=\"elementor-widget-wrap elementor-element-populated\">\n\t\t\t\t\t\t\t\t<div class=\"elementor-element elementor-element-75a7993 elementor-widget elementor-widget-image\" data-id=\"75a7993\" data-element_type=\"widget\" data-widget_type=\"image.default\">\n\t\t\t\t<div class=\"elementor-widget-container\">\n\t\t\t\t\t\t\t\t\t\t\t\t\t\t\t<img loading=\"lazy\" decoding=\"async\" width=\"601\" height=\"601\" src=\"https:\/\/firmaonline.org\/xifirma\/wp-content\/uploads\/2022\/10\/SHAILILI-MERCEDES-MORENO-600x600-1.jpg\" class=\"attachment-large size-large\" alt=\"SHAILILI MERCEDES MORENO\" srcset=\"https:\/\/firmaonline.org\/xifirma\/wp-content\/uploads\/2022\/10\/SHAILILI-MERCEDES-MORENO-600x600-1.jpg 601w, https:\/\/firmaonline.org\/xifirma\/wp-content\/uploads\/2022\/10\/SHAILILI-MERCEDES-MORENO-600x600-1-300x300.jpg 300w, https:\/\/firmaonline.org\/xifirma\/wp-content\/uploads\/2022\/10\/SHAILILI-MERCEDES-MORENO-600x600-1-150x150.jpg 150w\" sizes=\"auto, (max-width: 601px) 100vw, 601px\" \/>\t\t\t\t\t\t\t\t\t\t\t\t\t\t\t<\/div>\n\t\t\t\t<\/div>\n\t\t\t\t\t<\/div>\n\t\t<\/div>\n\t\t\t\t\t\t\t<\/div>\n\t\t<\/section>\n\t\t\t\t<section data-particle_enable=\"false\" data-particle-mobile-disabled=\"false\" class=\"elementor-section elementor-top-section elementor-element elementor-element-4d13b66 elementor-section-boxed elementor-section-height-default elementor-section-height-default\" data-id=\"4d13b66\" data-element_type=\"section\">\n\t\t\t\t\t\t<div class=\"elementor-container elementor-column-gap-default\">\n\t\t\t\t\t<div class=\"elementor-column elementor-col-100 elementor-top-column elementor-element elementor-element-a1c6e1a\" data-id=\"a1c6e1a\" data-element_type=\"column\">\n\t\t\t<div class=\"elementor-widget-wrap elementor-element-populated\">\n\t\t\t\t\t\t\t\t<div class=\"elementor-element elementor-element-627ed63 elementor-widget elementor-widget-text-editor\" data-id=\"627ed63\" data-element_type=\"widget\" data-widget_type=\"text-editor.default\">\n\t\t\t\t<div class=\"elementor-widget-container\">\n\t\t\t\t\t\t\t<p>La Biotecnolog\u00eda azul es el nombre equivalente a la Biotecnolog\u00eda marina, y corresponde a un campo de investigaci\u00f3n y estudios de la adaptaci\u00f3n de los procesos biol\u00f3gicos de organismos marinos para su uso m\u00e9dico, industrial o de otra \u00edndole; lo cual se ha convertido en una prioridad de investigaci\u00f3n para muchos pa\u00edses, por sus excelentes proyecciones biotecnol\u00f3gicas.<br \/>El enfoque actual se basa en las diferentes aplicaciones de alta tecnolog\u00eda que hacen uso de las rutas qu\u00edmicas metab\u00f3licas propias de organismos marinos y de organismos dulciacu\u00edcolas, ya que estas criaturas tienen distintos modos de producci\u00f3n para diferentes metabolitos, lo que ha propiciado numerosos productos, t\u00e9cnicas novedosas y comercializables.<br \/>Hoy en d\u00eda es un campo activo el descubrimiento de f\u00e1rmacos y cosm\u00e9ticos en fuentes acu\u00edcolas, los biomateriales y la nanotecnolog\u00eda asociada a ellos, con gran cantidad de posibles aplicaciones (industriales, m\u00e9dicas, tecnol\u00f3gica, entre otras) relacionadas con los procesos bioqu\u00edmicos de distintos organismos de ambientes acu\u00e1ticos.<\/p>\t\t\t\t\t\t<\/div>\n\t\t\t\t<\/div>\n\t\t\t\t\t<\/div>\n\t\t<\/div>\n\t\t\t\t\t\t\t<\/div>\n\t\t<\/section>\n\t\t\t\t<section data-particle_enable=\"false\" data-particle-mobile-disabled=\"false\" class=\"elementor-section elementor-top-section elementor-element elementor-element-b2f7443 elementor-section-boxed elementor-section-height-default elementor-section-height-default\" data-id=\"b2f7443\" data-element_type=\"section\">\n\t\t\t\t\t\t<div class=\"elementor-container elementor-column-gap-default\">\n\t\t\t\t\t<div class=\"elementor-column elementor-col-100 elementor-top-column elementor-element elementor-element-a5e5334\" data-id=\"a5e5334\" data-element_type=\"column\">\n\t\t\t<div class=\"elementor-widget-wrap elementor-element-populated\">\n\t\t\t\t\t\t\t\t<div class=\"elementor-element elementor-element-de7cd9a elementor-widget elementor-widget-image\" data-id=\"de7cd9a\" data-element_type=\"widget\" data-widget_type=\"image.default\">\n\t\t\t\t<div class=\"elementor-widget-container\">\n\t\t\t\t\t\t\t\t\t\t\t\t\t\t\t<img loading=\"lazy\" decoding=\"async\" width=\"1024\" height=\"572\" src=\"https:\/\/firmaonline.org\/xifirma\/wp-content\/uploads\/2022\/10\/Curso-13-2-1024x572.jpg\" class=\"attachment-large size-large\" alt=\"Biotecnolog\u00eda Azul\" srcset=\"https:\/\/firmaonline.org\/xifirma\/wp-content\/uploads\/2022\/10\/Curso-13-2-1024x572.jpg 1024w, https:\/\/firmaonline.org\/xifirma\/wp-content\/uploads\/2022\/10\/Curso-13-2-300x167.jpg 300w, https:\/\/firmaonline.org\/xifirma\/wp-content\/uploads\/2022\/10\/Curso-13-2-768x429.jpg 768w, https:\/\/firmaonline.org\/xifirma\/wp-content\/uploads\/2022\/10\/Curso-13-2-1536x857.jpg 1536w, https:\/\/firmaonline.org\/xifirma\/wp-content\/uploads\/2022\/10\/Curso-13-2-2048x1143.jpg 2048w\" sizes=\"auto, (max-width: 1024px) 100vw, 1024px\" \/>\t\t\t\t\t\t\t\t\t\t\t\t\t\t\t<\/div>\n\t\t\t\t<\/div>\n\t\t\t\t\t<\/div>\n\t\t<\/div>\n\t\t\t\t\t\t\t<\/div>\n\t\t<\/section>\n\t\t\t\t<section data-particle_enable=\"false\" data-particle-mobile-disabled=\"false\" class=\"elementor-section elementor-top-section elementor-element elementor-element-ba19091 elementor-section-boxed elementor-section-height-default elementor-section-height-default\" data-id=\"ba19091\" data-element_type=\"section\">\n\t\t\t\t\t\t<div class=\"elementor-container elementor-column-gap-default\">\n\t\t\t\t\t<div class=\"elementor-column elementor-col-100 elementor-top-column elementor-element elementor-element-0e6e413\" data-id=\"0e6e413\" data-element_type=\"column\">\n\t\t\t<div class=\"elementor-widget-wrap elementor-element-populated\">\n\t\t\t\t\t\t\t\t<div class=\"elementor-element elementor-element-ad4206a elementor-widget elementor-widget-text-editor\" data-id=\"ad4206a\" data-element_type=\"widget\" data-widget_type=\"text-editor.default\">\n\t\t\t\t<div class=\"elementor-widget-container\">\n\t\t\t\t\t\t\t<p><strong>Contenido<\/strong>:<\/p><ul><li>Sesi\u00f3n 1: Metabolismo (General, primario y secundario).<\/li><li>Sesi\u00f3n 2: Bioqu\u00edmica de algunos organismos marinos.<\/li><li>Sesi\u00f3n 3: Bioqu\u00edmica de algunos organismos de agua dulce.<\/li><li>Sesi\u00f3n 4: Relaci\u00f3n entre cambios ambientales y variables fisiol\u00f3gicas.<\/li><li>Sesi\u00f3n 5: Algunas aplicaciones Biotecnol\u00f3gicas.<\/li><\/ul>\t\t\t\t\t\t<\/div>\n\t\t\t\t<\/div>\n\t\t\t\t\t<\/div>\n\t\t<\/div>\n\t\t\t\t\t\t\t<\/div>\n\t\t<\/section>\n\t\t\t\t<section data-particle_enable=\"false\" data-particle-mobile-disabled=\"false\" class=\"elementor-section elementor-top-section elementor-element elementor-element-5d98b4e elementor-hidden-desktop elementor-hidden-tablet elementor-hidden-mobile elementor-section-boxed elementor-section-height-default elementor-section-height-default\" data-id=\"5d98b4e\" data-element_type=\"section\">\n\t\t\t\t\t\t<div class=\"elementor-container elementor-column-gap-default\">\n\t\t\t\t\t<div class=\"elementor-column elementor-col-33 elementor-top-column elementor-element elementor-element-0fec6da\" data-id=\"0fec6da\" data-element_type=\"column\">\n\t\t\t<div class=\"elementor-widget-wrap elementor-element-populated\">\n\t\t\t\t\t\t\t\t<div class=\"elementor-element elementor-element-25297bf elementor-widget elementor-widget-heading\" data-id=\"25297bf\" data-element_type=\"widget\" data-widget_type=\"heading.default\">\n\t\t\t\t<div class=\"elementor-widget-container\">\n\t\t\t<h2 class=\"elementor-heading-title elementor-size-default\">Precio: 20 EUR<\/h2>\t\t<\/div>\n\t\t\t\t<\/div>\n\t\t\t\t\t<\/div>\n\t\t<\/div>\n\t\t\t\t<div class=\"elementor-column elementor-col-33 elementor-top-column elementor-element elementor-element-07ad264\" data-id=\"07ad264\" data-element_type=\"column\">\n\t\t\t<div class=\"elementor-widget-wrap elementor-element-populated\">\n\t\t\t\t\t\t\t\t<div class=\"elementor-element elementor-element-f46b101 elementor-align-center elementor-widget elementor-widget-button\" data-id=\"f46b101\" data-element_type=\"widget\" data-widget_type=\"button.default\">\n\t\t\t\t<div class=\"elementor-widget-container\">\n\t\t\t\t\t<div class=\"elementor-button-wrapper\">\n\t\t\t<a href=\"https:\/\/firmaonline.org\/xifirma-inscripcion-curso\/inscripcion-curso.php?codigo_curso=CU13\" target=\"_blank\" class=\"elementor-button-link elementor-button elementor-size-sm\" role=\"button\">\n\t\t\t\t\t\t<span class=\"elementor-button-content-wrapper\">\n\t\t\t\t\t\t<span class=\"elementor-button-text\">Inscr\u00edbete<\/span>\n\t\t<\/span>\n\t\t\t\t\t<\/a>\n\t\t<\/div>\n\t\t\t\t<\/div>\n\t\t\t\t<\/div>\n\t\t\t\t\t<\/div>\n\t\t<\/div>\n\t\t\t\t<div class=\"elementor-column elementor-col-33 elementor-top-column elementor-element elementor-element-1510435\" data-id=\"1510435\" data-element_type=\"column\">\n\t\t\t<div class=\"elementor-widget-wrap elementor-element-populated\">\n\t\t\t\t\t\t\t\t<div class=\"elementor-element elementor-element-344ce33 elementor-widget elementor-widget-heading\" data-id=\"344ce33\" data-element_type=\"widget\" data-widget_type=\"heading.default\">\n\t\t\t\t<div class=\"elementor-widget-container\">\n\t\t\t<h2 class=\"elementor-heading-title elementor-size-default\">Pago seguro<\/h2>\t\t<\/div>\n\t\t\t\t<\/div>\n\t\t\t\t<div class=\"elementor-element elementor-element-5552c11 elementor-widget elementor-widget-image\" data-id=\"5552c11\" data-element_type=\"widget\" data-widget_type=\"image.default\">\n\t\t\t\t<div class=\"elementor-widget-container\">\n\t\t\t\t\t\t\t\t\t\t\t\t\t\t\t<img loading=\"lazy\" decoding=\"async\" width=\"1024\" height=\"292\" src=\"https:\/\/firmaonline.org\/xifirma\/wp-content\/uploads\/2022\/07\/logo_pypal-1024x292.png\" class=\"attachment-large size-large\" alt=\"Logo Paypal\" srcset=\"https:\/\/firmaonline.org\/xifirma\/wp-content\/uploads\/2022\/07\/logo_pypal-1024x292.png 1024w, https:\/\/firmaonline.org\/xifirma\/wp-content\/uploads\/2022\/07\/logo_pypal-300x86.png 300w, https:\/\/firmaonline.org\/xifirma\/wp-content\/uploads\/2022\/07\/logo_pypal-768x219.png 768w, https:\/\/firmaonline.org\/xifirma\/wp-content\/uploads\/2022\/07\/logo_pypal-1536x438.png 1536w, https:\/\/firmaonline.org\/xifirma\/wp-content\/uploads\/2022\/07\/logo_pypal.png 1600w\" sizes=\"auto, (max-width: 1024px) 100vw, 1024px\" \/>\t\t\t\t\t\t\t\t\t\t\t\t\t\t\t<\/div>\n\t\t\t\t<\/div>\n\t\t\t\t\t<\/div>\n\t\t<\/div>\n\t\t\t\t\t\t\t<\/div>\n\t\t<\/section>\n\t\t\t\t\t\t\t<\/div>\n\t\t","protected":false},"excerpt":{"rendered":"<p>Biotecnolog\u00eda Azul Instructora: Shailili Mercedes Moreno Morales Duraci\u00f3n: 8 horasModalidad: Online Horario: 19 Nov desde las 8h a 12h (Hora Ecuador) 20 Nov desde las 8h a 12h (Hora Ecuador) SHAILILI M. MORENO MORALES: Graduada de Licenciada en Qu\u00edmica en la \u201cUniversidad de Oriente,\u201d Cuman\u00e1, Venezuela en el 2003, al concluir sus estudios trabaja en &#8230; <a title=\"Curso-13\" class=\"read-more\" href=\"https:\/\/firmaonline.org\/xifirma\/curso-13\/\" aria-label=\"M\u00e1s en Curso-13\">Leer m\u00e1s<\/a><\/p>\n","protected":false},"author":1,"featured_media":0,"parent":0,"menu_order":0,"comment_status":"closed","ping_status":"closed","template":"elementor_header_footer","meta":{"footnotes":""},"class_list":["post-3693","page","type-page","status-publish"],"acf":[],"_links":{"self":[{"href":"https:\/\/firmaonline.org\/xifirma\/wp-json\/wp\/v2\/pages\/3693","targetHints":{"allow":["GET"]}}],"collection":[{"href":"https:\/\/firmaonline.org\/xifirma\/wp-json\/wp\/v2\/pages"}],"about":[{"href":"https:\/\/firmaonline.org\/xifirma\/wp-json\/wp\/v2\/types\/page"}],"author":[{"embeddable":true,"href":"https:\/\/firmaonline.org\/xifirma\/wp-json\/wp\/v2\/users\/1"}],"replies":[{"embeddable":true,"href":"https:\/\/firmaonline.org\/xifirma\/wp-json\/wp\/v2\/comments?post=3693"}],"version-history":[{"count":10,"href":"https:\/\/firmaonline.org\/xifirma\/wp-json\/wp\/v2\/pages\/3693\/revisions"}],"predecessor-version":[{"id":4299,"href":"https:\/\/firmaonline.org\/xifirma\/wp-json\/wp\/v2\/pages\/3693\/revisions\/4299"}],"wp:attachment":[{"href":"https:\/\/firmaonline.org\/xifirma\/wp-json\/wp\/v2\/media?parent=3693"}],"curies":[{"name":"wp","href":"https:\/\/api.w.org\/{rel}","templated":true}]}}