{"id":469,"date":"2022-02-18T22:31:50","date_gmt":"2022-02-18T22:31:50","guid":{"rendered":"https:\/\/firmaonline.org\/xifirma\/?page_id=469"},"modified":"2022-10-27T14:36:54","modified_gmt":"2022-10-27T14:36:54","slug":"conferencistas-magistrales","status":"publish","type":"page","link":"https:\/\/firmaonline.org\/xifirma\/conferencistas-magistrales\/","title":{"rendered":"Conferencistas Magistrales"},"content":{"rendered":"\t\t<div data-elementor-type=\"wp-page\" data-elementor-id=\"469\" class=\"elementor elementor-469\">\n\t\t\t\t\t\t\t\t\t<section data-particle_enable=\"false\" data-particle-mobile-disabled=\"false\" class=\"elementor-section elementor-top-section elementor-element elementor-element-518a485 elementor-section-full_width elementor-section-height-min-height elementor-section-content-middle elementor-section-stretched elementor-section-height-default elementor-section-items-middle\" data-id=\"518a485\" data-element_type=\"section\" data-settings=\"{&quot;stretch_section&quot;:&quot;section-stretched&quot;,&quot;background_background&quot;:&quot;classic&quot;}\">\n\t\t\t\t\t\t<div class=\"elementor-container elementor-column-gap-default\">\n\t\t\t\t\t<div class=\"elementor-column elementor-col-100 elementor-top-column elementor-element elementor-element-e1c570a\" data-id=\"e1c570a\" data-element_type=\"column\">\n\t\t\t<div class=\"elementor-widget-wrap elementor-element-populated\">\n\t\t\t\t\t\t\t\t<div class=\"elementor-element elementor-element-7905bbc elementor-widget elementor-widget-heading\" data-id=\"7905bbc\" data-element_type=\"widget\" data-widget_type=\"heading.default\">\n\t\t\t\t<div class=\"elementor-widget-container\">\n\t\t\t<style>\/*! elementor - v3.6.6 - 08-06-2022 *\/\n.elementor-heading-title{padding:0;margin:0;line-height:1}.elementor-widget-heading .elementor-heading-title[class*=elementor-size-]>a{color:inherit;font-size:inherit;line-height:inherit}.elementor-widget-heading .elementor-heading-title.elementor-size-small{font-size:15px}.elementor-widget-heading .elementor-heading-title.elementor-size-medium{font-size:19px}.elementor-widget-heading .elementor-heading-title.elementor-size-large{font-size:29px}.elementor-widget-heading .elementor-heading-title.elementor-size-xl{font-size:39px}.elementor-widget-heading .elementor-heading-title.elementor-size-xxl{font-size:59px}<\/style><h1 class=\"elementor-heading-title elementor-size-default\">Conferencistas magistrales<\/h1>\t\t<\/div>\n\t\t\t\t<\/div>\n\t\t\t\t\t<\/div>\n\t\t<\/div>\n\t\t\t\t\t\t\t<\/div>\n\t\t<\/section>\n\t\t\t\t<section data-particle_enable=\"false\" data-particle-mobile-disabled=\"false\" class=\"elementor-section elementor-top-section elementor-element elementor-element-aed984d elementor-section-boxed elementor-section-height-default elementor-section-height-default\" data-id=\"aed984d\" data-element_type=\"section\" data-settings=\"{&quot;background_background&quot;:&quot;classic&quot;}\">\n\t\t\t\t\t\t<div class=\"elementor-container elementor-column-gap-default\">\n\t\t\t\t\t<div class=\"elementor-column elementor-col-20 elementor-top-column elementor-element elementor-element-ef9fef4\" data-id=\"ef9fef4\" data-element_type=\"column\" data-settings=\"{&quot;background_background&quot;:&quot;classic&quot;}\">\n\t\t\t<div class=\"elementor-widget-wrap elementor-element-populated\">\n\t\t\t\t\t\t\t\t<div class=\"elementor-element elementor-element-af9e3e0 elementor-widget elementor-widget-image\" data-id=\"af9e3e0\" data-element_type=\"widget\" data-widget_type=\"image.default\">\n\t\t\t\t<div class=\"elementor-widget-container\">\n\t\t\t<style>\/*! elementor - v3.6.6 - 08-06-2022 *\/\n.elementor-widget-image{text-align:center}.elementor-widget-image a{display:inline-block}.elementor-widget-image a img[src$=\".svg\"]{width:48px}.elementor-widget-image img{vertical-align:middle;display:inline-block}<\/style>\t\t\t\t\t\t\t\t\t\t\t\t\t<a href=\"https:\/\/firmaonline.org\/xifirma\/ponente\/ernesto-godelman\/\" target=\"_blank\">\n\t\t\t\t\t\t\t<img loading=\"lazy\" decoding=\"async\" width=\"301\" height=\"401\" src=\"https:\/\/firmaonline.org\/xifirma\/wp-content\/uploads\/2022\/10\/Ernesto-Godelman-300x400-1.jpeg\" class=\"elementor-animation-shrink attachment-large size-large\" alt=\"Ernesto Godelman\" srcset=\"https:\/\/firmaonline.org\/xifirma\/wp-content\/uploads\/2022\/10\/Ernesto-Godelman-300x400-1.jpeg 301w, https:\/\/firmaonline.org\/xifirma\/wp-content\/uploads\/2022\/10\/Ernesto-Godelman-300x400-1-225x300.jpeg 225w\" sizes=\"auto, (max-width: 301px) 100vw, 301px\" \/>\t\t\t\t\t\t\t\t<\/a>\n\t\t\t\t\t\t\t\t\t\t\t\t\t\t\t<\/div>\n\t\t\t\t<\/div>\n\t\t\t\t<div class=\"elementor-element elementor-element-5a80f78 elementor-widget elementor-widget-heading\" data-id=\"5a80f78\" data-element_type=\"widget\" data-widget_type=\"heading.default\">\n\t\t\t\t<div class=\"elementor-widget-container\">\n\t\t\t<h5 class=\"elementor-heading-title elementor-size-default\"><a href=\"https:\/\/firmaonline.org\/xifirma\/ponente\/ernesto-godelman\/\" target=\"_blank\">Ernesto Godelman<\/a><\/h5>\t\t<\/div>\n\t\t\t\t<\/div>\n\t\t\t\t<div class=\"elementor-element elementor-element-a356f66 elementor-widget elementor-widget-text-editor\" data-id=\"a356f66\" data-element_type=\"widget\" data-widget_type=\"text-editor.default\">\n\t\t\t\t<div class=\"elementor-widget-container\">\n\t\t\t<style>\/*! elementor - v3.6.6 - 08-06-2022 *\/\n.elementor-widget-text-editor.elementor-drop-cap-view-stacked .elementor-drop-cap{background-color:#818a91;color:#fff}.elementor-widget-text-editor.elementor-drop-cap-view-framed .elementor-drop-cap{color:#818a91;border:3px solid;background-color:transparent}.elementor-widget-text-editor:not(.elementor-drop-cap-view-default) .elementor-drop-cap{margin-top:8px}.elementor-widget-text-editor:not(.elementor-drop-cap-view-default) .elementor-drop-cap-letter{width:1em;height:1em}.elementor-widget-text-editor .elementor-drop-cap{float:left;text-align:center;line-height:1;font-size:50px}.elementor-widget-text-editor .elementor-drop-cap-letter{display:inline-block}<\/style>\t\t\t\t<p style=\"text-align: center;\">CeDePesca <br \/>(Panam\u00e1)<\/p>\t\t\t\t\t\t<\/div>\n\t\t\t\t<\/div>\n\t\t\t\t<div class=\"elementor-element elementor-element-0ebe82f elementor-widget elementor-widget-text-editor\" data-id=\"0ebe82f\" data-element_type=\"widget\" data-widget_type=\"text-editor.default\">\n\t\t\t\t<div class=\"elementor-widget-container\">\n\t\t\t\t\t\t\t<p><strong>Conferencia:<br \/><\/strong>\u00abC\u00f3mo funcionan los incentivos de mercado para lograr pesquer\u00edas sostenibles en Am\u00e9rica Latina\u00bb<\/p>\t\t\t\t\t\t<\/div>\n\t\t\t\t<\/div>\n\t\t\t\t<div class=\"elementor-element elementor-element-94bea68 elementor-widget elementor-widget-text-editor\" data-id=\"94bea68\" data-element_type=\"widget\" data-widget_type=\"text-editor.default\">\n\t\t\t\t<div class=\"elementor-widget-container\">\n\t\t\t\t\t\t\t<p><strong>Lunes 21 de noviembre<\/strong><\/p>\t\t\t\t\t\t<\/div>\n\t\t\t\t<\/div>\n\t\t\t\t\t<\/div>\n\t\t<\/div>\n\t\t\t\t<div class=\"elementor-column elementor-col-20 elementor-top-column elementor-element elementor-element-b6ee3d1\" data-id=\"b6ee3d1\" data-element_type=\"column\" data-settings=\"{&quot;background_background&quot;:&quot;classic&quot;}\">\n\t\t\t<div class=\"elementor-widget-wrap elementor-element-populated\">\n\t\t\t\t\t\t\t\t<div class=\"elementor-element elementor-element-48b8013 elementor-widget elementor-widget-image\" data-id=\"48b8013\" data-element_type=\"widget\" data-widget_type=\"image.default\">\n\t\t\t\t<div class=\"elementor-widget-container\">\n\t\t\t\t\t\t\t\t\t\t\t\t\t\t\t\t<a href=\"https:\/\/firmaonline.org\/xifirma\/ponente\/gustavo-darrigran\/\" target=\"_blank\">\n\t\t\t\t\t\t\t<img loading=\"lazy\" decoding=\"async\" width=\"301\" height=\"401\" src=\"https:\/\/firmaonline.org\/xifirma\/wp-content\/uploads\/2022\/06\/Gustavo-Darrigan-300x400-1.jpeg\" class=\"elementor-animation-shrink attachment-large size-large\" alt=\"Gustavo Darrigan\" srcset=\"https:\/\/firmaonline.org\/xifirma\/wp-content\/uploads\/2022\/06\/Gustavo-Darrigan-300x400-1.jpeg 301w, https:\/\/firmaonline.org\/xifirma\/wp-content\/uploads\/2022\/06\/Gustavo-Darrigan-300x400-1-225x300.jpeg 225w\" sizes=\"auto, (max-width: 301px) 100vw, 301px\" \/>\t\t\t\t\t\t\t\t<\/a>\n\t\t\t\t\t\t\t\t\t\t\t\t\t\t\t<\/div>\n\t\t\t\t<\/div>\n\t\t\t\t<div class=\"elementor-element elementor-element-1452aeb elementor-widget elementor-widget-heading\" data-id=\"1452aeb\" data-element_type=\"widget\" data-widget_type=\"heading.default\">\n\t\t\t\t<div class=\"elementor-widget-container\">\n\t\t\t<h5 class=\"elementor-heading-title elementor-size-default\"><a href=\"https:\/\/firmaonline.org\/xifirma\/ponente\/gustavo-darrigran\/\" target=\"_blank\">Gustavo Darrigran<\/a><\/h5>\t\t<\/div>\n\t\t\t\t<\/div>\n\t\t\t\t<div class=\"elementor-element elementor-element-29c0b91 elementor-widget elementor-widget-text-editor\" data-id=\"29c0b91\" data-element_type=\"widget\" data-widget_type=\"text-editor.default\">\n\t\t\t\t<div class=\"elementor-widget-container\">\n\t\t\t\t\t\t\t<p style=\"text-align: center;\">Universidad Nacional de La Plata, Argentina<\/p>\t\t\t\t\t\t<\/div>\n\t\t\t\t<\/div>\n\t\t\t\t<div class=\"elementor-element elementor-element-8d527ba elementor-widget elementor-widget-text-editor\" data-id=\"8d527ba\" data-element_type=\"widget\" data-widget_type=\"text-editor.default\">\n\t\t\t\t<div class=\"elementor-widget-container\">\n\t\t\t\t\t\t\t<p><strong>Conferencia:<br \/><\/strong>\u00abMoluscos y Bioinvasiones \u00bfPresagios de un futuro con ecosistemas homog\u00e9neos?\u00bb<\/p>\t\t\t\t\t\t<\/div>\n\t\t\t\t<\/div>\n\t\t\t\t<div class=\"elementor-element elementor-element-ecf13c6 elementor-widget elementor-widget-text-editor\" data-id=\"ecf13c6\" data-element_type=\"widget\" data-widget_type=\"text-editor.default\">\n\t\t\t\t<div class=\"elementor-widget-container\">\n\t\t\t\t\t\t\t<p><strong>Martes 22 de noviembre<\/strong><\/p>\t\t\t\t\t\t<\/div>\n\t\t\t\t<\/div>\n\t\t\t\t\t<\/div>\n\t\t<\/div>\n\t\t\t\t<div class=\"elementor-column elementor-col-20 elementor-top-column elementor-element elementor-element-121af01\" data-id=\"121af01\" data-element_type=\"column\" data-settings=\"{&quot;background_background&quot;:&quot;classic&quot;}\">\n\t\t\t<div class=\"elementor-widget-wrap elementor-element-populated\">\n\t\t\t\t\t\t\t\t<div class=\"elementor-element elementor-element-b538e8f elementor-widget elementor-widget-image\" data-id=\"b538e8f\" data-element_type=\"widget\" data-widget_type=\"image.default\">\n\t\t\t\t<div class=\"elementor-widget-container\">\n\t\t\t\t\t\t\t\t\t\t\t\t\t\t\t\t<a href=\"https:\/\/firmaonline.org\/xifirma\/ponente\/dana-johnson-downing\/\" target=\"_blank\">\n\t\t\t\t\t\t\t<img loading=\"lazy\" decoding=\"async\" width=\"301\" height=\"401\" src=\"https:\/\/firmaonline.org\/xifirma\/wp-content\/uploads\/2022\/08\/Dana-Johnson-Downing-300x400-1.jpeg\" class=\"elementor-animation-shrink attachment-large size-large\" alt=\"Dana Johnson Downing\" srcset=\"https:\/\/firmaonline.org\/xifirma\/wp-content\/uploads\/2022\/08\/Dana-Johnson-Downing-300x400-1.jpeg 301w, https:\/\/firmaonline.org\/xifirma\/wp-content\/uploads\/2022\/08\/Dana-Johnson-Downing-300x400-1-225x300.jpeg 225w\" sizes=\"auto, (max-width: 301px) 100vw, 301px\" \/>\t\t\t\t\t\t\t\t<\/a>\n\t\t\t\t\t\t\t\t\t\t\t\t\t\t\t<\/div>\n\t\t\t\t<\/div>\n\t\t\t\t<div class=\"elementor-element elementor-element-8cea6f2 elementor-widget elementor-widget-heading\" data-id=\"8cea6f2\" data-element_type=\"widget\" data-widget_type=\"heading.default\">\n\t\t\t\t<div class=\"elementor-widget-container\">\n\t\t\t<h5 class=\"elementor-heading-title elementor-size-default\"><a href=\"https:\/\/firmaonline.org\/xifirma\/ponente\/dana-johnson-downing\/\" target=\"_blank\">Dana Johnson Downing<\/a><\/h5>\t\t<\/div>\n\t\t\t\t<\/div>\n\t\t\t\t<div class=\"elementor-element elementor-element-40a06e7 elementor-widget elementor-widget-text-editor\" data-id=\"40a06e7\" data-element_type=\"widget\" data-widget_type=\"text-editor.default\">\n\t\t\t\t<div class=\"elementor-widget-container\">\n\t\t\t\t\t\t\t<p style=\"text-align: center;\">VP International Programs, North American Renders Association (NARA), USA<\/p>\t\t\t\t\t\t<\/div>\n\t\t\t\t<\/div>\n\t\t\t\t<div class=\"elementor-element elementor-element-a55b2cf elementor-widget elementor-widget-text-editor\" data-id=\"a55b2cf\" data-element_type=\"widget\" data-widget_type=\"text-editor.default\">\n\t\t\t\t<div class=\"elementor-widget-container\">\n\t\t\t\t\t\t\t<p><strong>Conferencia:<br \/><\/strong>\u00abFuentes de prote\u00edna sostenible. La funci\u00f3n de rendimiento\u00bb<\/p>\t\t\t\t\t\t<\/div>\n\t\t\t\t<\/div>\n\t\t\t\t<div class=\"elementor-element elementor-element-25975f5 elementor-widget elementor-widget-text-editor\" data-id=\"25975f5\" data-element_type=\"widget\" data-widget_type=\"text-editor.default\">\n\t\t\t\t<div class=\"elementor-widget-container\">\n\t\t\t\t\t\t\t<p><strong>Mi\u00e9rcoles 23 de noviembre<\/strong><\/p>\t\t\t\t\t\t<\/div>\n\t\t\t\t<\/div>\n\t\t\t\t\t<\/div>\n\t\t<\/div>\n\t\t\t\t<div class=\"elementor-column elementor-col-20 elementor-top-column elementor-element elementor-element-832fe16\" data-id=\"832fe16\" data-element_type=\"column\" data-settings=\"{&quot;background_background&quot;:&quot;classic&quot;}\">\n\t\t\t<div class=\"elementor-widget-wrap elementor-element-populated\">\n\t\t\t\t\t\t\t\t<div class=\"elementor-element elementor-element-d50c7d9 elementor-widget elementor-widget-image\" data-id=\"d50c7d9\" data-element_type=\"widget\" data-widget_type=\"image.default\">\n\t\t\t\t<div class=\"elementor-widget-container\">\n\t\t\t\t\t\t\t\t\t\t\t\t\t\t\t\t<a href=\"https:\/\/firmaonline.org\/xifirma\/ponente\/enric-gisbert\/\" target=\"_blank\">\n\t\t\t\t\t\t\t<img loading=\"lazy\" decoding=\"async\" width=\"301\" height=\"401\" src=\"https:\/\/firmaonline.org\/xifirma\/wp-content\/uploads\/2022\/07\/Enric-Gisbert-300x400-1.jpeg\" class=\"elementor-animation-shrink attachment-large size-large\" alt=\"Enric Gisbert\" srcset=\"https:\/\/firmaonline.org\/xifirma\/wp-content\/uploads\/2022\/07\/Enric-Gisbert-300x400-1.jpeg 301w, https:\/\/firmaonline.org\/xifirma\/wp-content\/uploads\/2022\/07\/Enric-Gisbert-300x400-1-225x300.jpeg 225w\" sizes=\"auto, (max-width: 301px) 100vw, 301px\" \/>\t\t\t\t\t\t\t\t<\/a>\n\t\t\t\t\t\t\t\t\t\t\t\t\t\t\t<\/div>\n\t\t\t\t<\/div>\n\t\t\t\t<div class=\"elementor-element elementor-element-199a296 elementor-widget elementor-widget-heading\" data-id=\"199a296\" data-element_type=\"widget\" data-widget_type=\"heading.default\">\n\t\t\t\t<div class=\"elementor-widget-container\">\n\t\t\t<h5 class=\"elementor-heading-title elementor-size-default\"><a href=\"https:\/\/firmaonline.org\/xifirma\/ponente\/enric-gisbert\/\" target=\"_blank\">Enric Gisbert<\/a><\/h5>\t\t<\/div>\n\t\t\t\t<\/div>\n\t\t\t\t<div class=\"elementor-element elementor-element-8f77a3b elementor-widget elementor-widget-text-editor\" data-id=\"8f77a3b\" data-element_type=\"widget\" data-widget_type=\"text-editor.default\">\n\t\t\t\t<div class=\"elementor-widget-container\">\n\t\t\t\t\t\t\t<p style=\"text-align: center;\">Instituto de Investigaci\u00f3n y Tecnolog\u00eda Agroalimentarias (IRTA), Espa\u00f1a<\/p>\t\t\t\t\t\t<\/div>\n\t\t\t\t<\/div>\n\t\t\t\t<div class=\"elementor-element elementor-element-c223c9e elementor-widget elementor-widget-text-editor\" data-id=\"c223c9e\" data-element_type=\"widget\" data-widget_type=\"text-editor.default\">\n\t\t\t\t<div class=\"elementor-widget-container\">\n\t\t\t\t\t\t\t<p><strong>Conferencia:<br \/><\/strong>\u00abLa acuicultura y el cambio clim\u00e1tico: desaf\u00edos y oportunidades para una industria m\u00e1s resiliente\u00bb<\/p>\t\t\t\t\t\t<\/div>\n\t\t\t\t<\/div>\n\t\t\t\t<div class=\"elementor-element elementor-element-5406382 elementor-widget elementor-widget-text-editor\" data-id=\"5406382\" data-element_type=\"widget\" data-widget_type=\"text-editor.default\">\n\t\t\t\t<div class=\"elementor-widget-container\">\n\t\t\t\t\t\t\t<p><strong>Jueves 24 de noviembre<\/strong><\/p>\t\t\t\t\t\t<\/div>\n\t\t\t\t<\/div>\n\t\t\t\t\t<\/div>\n\t\t<\/div>\n\t\t\t\t<div class=\"elementor-column elementor-col-20 elementor-top-column elementor-element elementor-element-db4fb79\" data-id=\"db4fb79\" data-element_type=\"column\" data-settings=\"{&quot;background_background&quot;:&quot;classic&quot;}\">\n\t\t\t<div class=\"elementor-widget-wrap elementor-element-populated\">\n\t\t\t\t\t\t\t\t<div class=\"elementor-element elementor-element-60fd9f0 elementor-widget elementor-widget-image\" data-id=\"60fd9f0\" data-element_type=\"widget\" data-widget_type=\"image.default\">\n\t\t\t\t<div class=\"elementor-widget-container\">\n\t\t\t\t\t\t\t\t\t\t\t\t\t\t\t\t<a href=\"https:\/\/firmaonline.org\/xifirma\/ponente\/sebastian-villasante\/\" target=\"_blank\">\n\t\t\t\t\t\t\t<img loading=\"lazy\" decoding=\"async\" width=\"301\" height=\"401\" src=\"https:\/\/firmaonline.org\/xifirma\/wp-content\/uploads\/2022\/05\/Sebastian-Villasante-2-300x400-1.jpeg\" class=\"elementor-animation-shrink attachment-large size-large\" alt=\"Sebasti\u00e1n Villasante\" srcset=\"https:\/\/firmaonline.org\/xifirma\/wp-content\/uploads\/2022\/05\/Sebastian-Villasante-2-300x400-1.jpeg 301w, https:\/\/firmaonline.org\/xifirma\/wp-content\/uploads\/2022\/05\/Sebastian-Villasante-2-300x400-1-225x300.jpeg 225w\" sizes=\"auto, (max-width: 301px) 100vw, 301px\" \/>\t\t\t\t\t\t\t\t<\/a>\n\t\t\t\t\t\t\t\t\t\t\t\t\t\t\t<\/div>\n\t\t\t\t<\/div>\n\t\t\t\t<div class=\"elementor-element elementor-element-3f3c819 elementor-widget elementor-widget-heading\" data-id=\"3f3c819\" data-element_type=\"widget\" data-widget_type=\"heading.default\">\n\t\t\t\t<div class=\"elementor-widget-container\">\n\t\t\t<h5 class=\"elementor-heading-title elementor-size-default\"><a href=\"https:\/\/firmaonline.org\/xifirma\/ponente\/sebastian-villasante\/\" target=\"_blank\">Sebasti\u00e1n Villasante<\/a><\/h5>\t\t<\/div>\n\t\t\t\t<\/div>\n\t\t\t\t<div class=\"elementor-element elementor-element-5cc0194 elementor-widget elementor-widget-text-editor\" data-id=\"5cc0194\" data-element_type=\"widget\" data-widget_type=\"text-editor.default\">\n\t\t\t\t<div class=\"elementor-widget-container\">\n\t\t\t\t\t\t\t<p style=\"text-align: center;\">Universidad de Santiago de Compostela, Espa\u00f1a<\/p>\t\t\t\t\t\t<\/div>\n\t\t\t\t<\/div>\n\t\t\t\t<div class=\"elementor-element elementor-element-5a13e9e elementor-widget elementor-widget-text-editor\" data-id=\"5a13e9e\" data-element_type=\"widget\" data-widget_type=\"text-editor.default\">\n\t\t\t\t<div class=\"elementor-widget-container\">\n\t\t\t\t\t\t\t<p><strong>Conferencia:<br \/><\/strong>\u00abLa contribuci\u00f3n econ\u00f3mica de la acuicultura al bienestar humano: situaci\u00f3n actual y perspectivas de futuro para Iberoam\u00e9rica\u00bb<br \/><br \/><\/p>\t\t\t\t\t\t<\/div>\n\t\t\t\t<\/div>\n\t\t\t\t<div class=\"elementor-element elementor-element-19d3f56 elementor-widget elementor-widget-text-editor\" data-id=\"19d3f56\" data-element_type=\"widget\" data-widget_type=\"text-editor.default\">\n\t\t\t\t<div class=\"elementor-widget-container\">\n\t\t\t\t\t\t\t<p><strong>Viernes 25 de noviembre<\/strong><\/p>\t\t\t\t\t\t<\/div>\n\t\t\t\t<\/div>\n\t\t\t\t\t<\/div>\n\t\t<\/div>\n\t\t\t\t\t\t\t<\/div>\n\t\t<\/section>\n\t\t\t\t\t\t\t<\/div>\n\t\t","protected":false},"excerpt":{"rendered":"<p>Conferencistas magistrales Ernesto Godelman CeDePesca (Panam\u00e1) Conferencia:\u00abC\u00f3mo funcionan los incentivos de mercado para lograr pesquer\u00edas sostenibles en Am\u00e9rica Latina\u00bb Lunes 21 de noviembre Gustavo Darrigran Universidad Nacional de La Plata, Argentina Conferencia:\u00abMoluscos y Bioinvasiones \u00bfPresagios de un futuro con ecosistemas homog\u00e9neos?\u00bb Martes 22 de noviembre Dana Johnson Downing VP International Programs, North American Renders Association &#8230; <a title=\"Conferencistas Magistrales\" class=\"read-more\" href=\"https:\/\/firmaonline.org\/xifirma\/conferencistas-magistrales\/\" aria-label=\"M\u00e1s en Conferencistas Magistrales\">Leer m\u00e1s<\/a><\/p>\n","protected":false},"author":1,"featured_media":0,"parent":0,"menu_order":0,"comment_status":"closed","ping_status":"closed","template":"elementor_header_footer","meta":{"footnotes":""},"class_list":["post-469","page","type-page","status-publish"],"acf":[],"_links":{"self":[{"href":"https:\/\/firmaonline.org\/xifirma\/wp-json\/wp\/v2\/pages\/469","targetHints":{"allow":["GET"]}}],"collection":[{"href":"https:\/\/firmaonline.org\/xifirma\/wp-json\/wp\/v2\/pages"}],"about":[{"href":"https:\/\/firmaonline.org\/xifirma\/wp-json\/wp\/v2\/types\/page"}],"author":[{"embeddable":true,"href":"https:\/\/firmaonline.org\/xifirma\/wp-json\/wp\/v2\/users\/1"}],"replies":[{"embeddable":true,"href":"https:\/\/firmaonline.org\/xifirma\/wp-json\/wp\/v2\/comments?post=469"}],"version-history":[{"count":118,"href":"https:\/\/firmaonline.org\/xifirma\/wp-json\/wp\/v2\/pages\/469\/revisions"}],"predecessor-version":[{"id":4013,"href":"https:\/\/firmaonline.org\/xifirma\/wp-json\/wp\/v2\/pages\/469\/revisions\/4013"}],"wp:attachment":[{"href":"https:\/\/firmaonline.org\/xifirma\/wp-json\/wp\/v2\/media?parent=469"}],"curies":[{"name":"wp","href":"https:\/\/api.w.org\/{rel}","templated":true}]}}