{"id":2651,"date":"2023-09-21T13:58:40","date_gmt":"2023-09-21T13:58:40","guid":{"rendered":"https:\/\/firmaonline.org\/xiifirma\/?page_id=2651"},"modified":"2023-11-01T23:17:34","modified_gmt":"2023-11-01T23:17:34","slug":"curso-04","status":"publish","type":"page","link":"https:\/\/firmaonline.org\/xiifirma\/curso-04\/","title":{"rendered":"Curso-04"},"content":{"rendered":"\t\t<div data-elementor-type=\"wp-page\" data-elementor-id=\"2651\" class=\"elementor elementor-2651\" data-elementor-post-type=\"page\">\n\t\t\t\t\t\t\t\t\t<section data-particle_enable=\"false\" data-particle-mobile-disabled=\"false\" class=\"elementor-section elementor-top-section elementor-element elementor-element-0cf45da elementor-section-boxed elementor-section-height-default elementor-section-height-default\" data-id=\"0cf45da\" data-element_type=\"section\">\n\t\t\t\t\t\t<div class=\"elementor-container elementor-column-gap-default\">\n\t\t\t\t\t<div class=\"elementor-column elementor-col-50 elementor-top-column elementor-element elementor-element-d931a3a\" data-id=\"d931a3a\" data-element_type=\"column\">\n\t\t\t<div class=\"elementor-widget-wrap elementor-element-populated\">\n\t\t\t\t\t\t\t\t<div class=\"elementor-element elementor-element-ce90023 elementor-widget elementor-widget-image\" data-id=\"ce90023\" data-element_type=\"widget\" data-widget_type=\"image.default\">\n\t\t\t\t<div class=\"elementor-widget-container\">\n\t\t\t<style>\/*! elementor - v3.15.0 - 20-08-2023 *\/\n.elementor-widget-image{text-align:center}.elementor-widget-image a{display:inline-block}.elementor-widget-image a img[src$=\".svg\"]{width:48px}.elementor-widget-image img{vertical-align:middle;display:inline-block}<\/style>\t\t\t\t\t\t\t\t\t\t\t\t<img loading=\"lazy\" decoding=\"async\" width=\"551\" height=\"371\" src=\"https:\/\/firmaonline.org\/xiifirma\/wp-content\/uploads\/2023\/09\/Curso4-2.jpg\" class=\"attachment-large size-large wp-image-2650\" alt=\"Curso4-2\" srcset=\"https:\/\/firmaonline.org\/xiifirma\/wp-content\/uploads\/2023\/09\/Curso4-2.jpg 551w, https:\/\/firmaonline.org\/xiifirma\/wp-content\/uploads\/2023\/09\/Curso4-2-300x202.jpg 300w\" sizes=\"auto, (max-width: 551px) 100vw, 551px\" \/>\t\t\t\t\t\t\t\t\t\t\t\t\t\t\t<\/div>\n\t\t\t\t<\/div>\n\t\t\t\t\t<\/div>\n\t\t<\/div>\n\t\t\t\t<div class=\"elementor-column elementor-col-50 elementor-top-column elementor-element elementor-element-c230f1a\" data-id=\"c230f1a\" data-element_type=\"column\">\n\t\t\t<div class=\"elementor-widget-wrap elementor-element-populated\">\n\t\t\t\t\t\t\t\t<div class=\"elementor-element elementor-element-dde019a elementor-widget elementor-widget-heading\" data-id=\"dde019a\" data-element_type=\"widget\" data-widget_type=\"heading.default\">\n\t\t\t\t<div class=\"elementor-widget-container\">\n\t\t\t<style>\/*! elementor - v3.15.0 - 20-08-2023 *\/\n.elementor-heading-title{padding:0;margin:0;line-height:1}.elementor-widget-heading .elementor-heading-title[class*=elementor-size-]>a{color:inherit;font-size:inherit;line-height:inherit}.elementor-widget-heading .elementor-heading-title.elementor-size-small{font-size:15px}.elementor-widget-heading .elementor-heading-title.elementor-size-medium{font-size:19px}.elementor-widget-heading .elementor-heading-title.elementor-size-large{font-size:29px}.elementor-widget-heading .elementor-heading-title.elementor-size-xl{font-size:39px}.elementor-widget-heading .elementor-heading-title.elementor-size-xxl{font-size:59px}<\/style><h2 class=\"elementor-heading-title elementor-size-default\">Crust\u00e1ceos dec\u00e1podos como modelos para la acuicultura ornamental: el desaf\u00edo de producir \u201cbelleza\u201d <\/h2>\t\t<\/div>\n\t\t\t\t<\/div>\n\t\t\t\t<div class=\"elementor-element elementor-element-7b84e6c elementor-widget elementor-widget-heading\" data-id=\"7b84e6c\" data-element_type=\"widget\" data-widget_type=\"heading.default\">\n\t\t\t\t<div class=\"elementor-widget-container\">\n\t\t\t<h2 class=\"elementor-heading-title elementor-size-default\"><strong>Instructora:<\/strong> Laura Susana L\u00f3pez Greco<\/h2>\t\t<\/div>\n\t\t\t\t<\/div>\n\t\t\t\t<div class=\"elementor-element elementor-element-9a864c7 elementor-widget elementor-widget-text-editor\" data-id=\"9a864c7\" data-element_type=\"widget\" data-widget_type=\"text-editor.default\">\n\t\t\t\t<div class=\"elementor-widget-container\">\n\t\t\t<style>\/*! elementor - v3.15.0 - 20-08-2023 *\/\n.elementor-widget-text-editor.elementor-drop-cap-view-stacked .elementor-drop-cap{background-color:#69727d;color:#fff}.elementor-widget-text-editor.elementor-drop-cap-view-framed .elementor-drop-cap{color:#69727d;border:3px solid;background-color:transparent}.elementor-widget-text-editor:not(.elementor-drop-cap-view-default) .elementor-drop-cap{margin-top:8px}.elementor-widget-text-editor:not(.elementor-drop-cap-view-default) .elementor-drop-cap-letter{width:1em;height:1em}.elementor-widget-text-editor .elementor-drop-cap{float:left;text-align:center;line-height:1;font-size:50px}.elementor-widget-text-editor .elementor-drop-cap-letter{display:inline-block}<\/style>\t\t\t\t<p><strong>Duraci\u00f3n:<\/strong> 8 horas<br \/><strong>Modalidad:<\/strong> Online<\/p><p><strong>Horario:<\/strong><\/p><ul><li>24 Nov desde las 8h a 12h (Hora Ecuador)<\/li><li>25 Nov desde las 8h a 12h (Hora Ecuador)<\/li><\/ul>\t\t\t\t\t\t<\/div>\n\t\t\t\t<\/div>\n\t\t\t\t\t<\/div>\n\t\t<\/div>\n\t\t\t\t\t\t\t<\/div>\n\t\t<\/section>\n\t\t\t\t<section data-particle_enable=\"false\" data-particle-mobile-disabled=\"false\" class=\"elementor-section elementor-top-section elementor-element elementor-element-8232796 elementor-reverse-tablet elementor-reverse-mobile elementor-section-boxed elementor-section-height-default elementor-section-height-default\" data-id=\"8232796\" data-element_type=\"section\">\n\t\t\t\t\t\t<div class=\"elementor-container elementor-column-gap-default\">\n\t\t\t\t\t<div class=\"elementor-column elementor-col-66 elementor-top-column elementor-element elementor-element-f649f56\" data-id=\"f649f56\" data-element_type=\"column\">\n\t\t\t<div class=\"elementor-widget-wrap elementor-element-populated\">\n\t\t\t\t\t\t\t\t<div class=\"elementor-element elementor-element-8f2305f elementor-widget elementor-widget-text-editor\" data-id=\"8f2305f\" data-element_type=\"widget\" data-widget_type=\"text-editor.default\">\n\t\t\t\t<div class=\"elementor-widget-container\">\n\t\t\t\t\t\t\t<p>La Dra. Laura L\u00f3pez Greco es Investigadora Principal del CONICET (IBBEA, CONICET-UBA) y Profesora Asociada de la Facultad de Cs Exactas y Naturales de la Universidad de Buenos Aires, Argentina. Su especialidad es el estudio de la reproducci\u00f3n, crecimiento y nutrici\u00f3n de crust\u00e1ceos dec\u00e1podos tanto desde una perspectiva m\u00e1s te\u00f3rica como aplicada a pesquer\u00edas, acuicultura de especies para consumo humano y m\u00e1s recientemente ornamentales, ecotoxicolog\u00eda y cambio clim\u00e1tico. Acredita larga trayectoria (m\u00e1s de 150 publicaciones, 300 comunicaciones en congresos y formaci\u00f3n de recursos humanos de grado y postgrado) en el estudio de cangrejos, camarones y langostas. Ha dictado como responsable 30 cursos de postgrado en Argentina y el exterior y participa activamente en redes de investigaci\u00f3n y foros en el \u00e1rea. <a href=\"https:\/\/ibbea.fcen.uba.ar\/investigacion\/fisiologia\/biologia-de-la-reproduccion-crecimiento-y-nutricion-de-crustaceos-decapodos\/\" target=\"_blank\" rel=\"noopener\">https:\/\/ibbea.fcen.uba.ar\/investigacion\/fisiologia\/biologia-de-la-reproduccion-crecimiento-y-nutricion-de-crustaceos-decapodos\/<\/a><\/p>\t\t\t\t\t\t<\/div>\n\t\t\t\t<\/div>\n\t\t\t\t\t<\/div>\n\t\t<\/div>\n\t\t\t\t<div class=\"elementor-column elementor-col-33 elementor-top-column elementor-element elementor-element-c8ab1d6\" data-id=\"c8ab1d6\" data-element_type=\"column\">\n\t\t\t<div class=\"elementor-widget-wrap elementor-element-populated\">\n\t\t\t\t\t\t\t\t<div class=\"elementor-element elementor-element-0f3c229 elementor-widget elementor-widget-image\" data-id=\"0f3c229\" data-element_type=\"widget\" data-widget_type=\"image.default\">\n\t\t\t\t<div class=\"elementor-widget-container\">\n\t\t\t\t\t\t\t\t\t\t\t\t\t\t\t<img loading=\"lazy\" decoding=\"async\" width=\"279\" height=\"279\" src=\"https:\/\/firmaonline.org\/xiifirma\/wp-content\/uploads\/2023\/09\/Laura-Lopez-280x280-1-e1695304646872.jpg\" class=\"attachment-large size-large wp-image-2648\" alt=\"Laura L\u00f3pez\" srcset=\"https:\/\/firmaonline.org\/xiifirma\/wp-content\/uploads\/2023\/09\/Laura-Lopez-280x280-1-e1695304646872.jpg 279w, https:\/\/firmaonline.org\/xiifirma\/wp-content\/uploads\/2023\/09\/Laura-Lopez-280x280-1-e1695304646872-150x150.jpg 150w\" sizes=\"auto, (max-width: 279px) 100vw, 279px\" \/>\t\t\t\t\t\t\t\t\t\t\t\t\t\t\t<\/div>\n\t\t\t\t<\/div>\n\t\t\t\t\t<\/div>\n\t\t<\/div>\n\t\t\t\t\t\t\t<\/div>\n\t\t<\/section>\n\t\t\t\t<section data-particle_enable=\"false\" data-particle-mobile-disabled=\"false\" class=\"elementor-section elementor-top-section elementor-element elementor-element-faf0b12 elementor-section-boxed elementor-section-height-default elementor-section-height-default\" data-id=\"faf0b12\" data-element_type=\"section\">\n\t\t\t\t\t\t<div class=\"elementor-container elementor-column-gap-default\">\n\t\t\t\t\t<div class=\"elementor-column elementor-col-100 elementor-top-column elementor-element elementor-element-0856836\" data-id=\"0856836\" data-element_type=\"column\">\n\t\t\t<div class=\"elementor-widget-wrap elementor-element-populated\">\n\t\t\t\t\t\t\t\t<div class=\"elementor-element elementor-element-aa2de4b elementor-widget elementor-widget-text-editor\" data-id=\"aa2de4b\" data-element_type=\"widget\" data-widget_type=\"text-editor.default\">\n\t\t\t\t<div class=\"elementor-widget-container\">\n\t\t\t\t\t\t\t<p>Este minicurso presentar\u00e1 algunas caracter\u00edsticas del ciclo de vida de los crust\u00e1ceos dec\u00e1podos relevantes a la hora de considerar y explorar una especie con potencial ornamental y su comparaci\u00f3n con crust\u00e1ceos de la acuicultura para alimentaci\u00f3n humana. Se tomar\u00e1 como modelo al camar\u00f3n \u201cred cherry\u201d y se utilizar\u00e1 de base para discutir como avanzar sobre una especie candidata como ornamental destacando el rol de profundizar el estudio de las especies nativas. Se discutir\u00e1 el rol de la acuicultura ornamental para el desarrollo social.<\/p>\t\t\t\t\t\t<\/div>\n\t\t\t\t<\/div>\n\t\t\t\t\t<\/div>\n\t\t<\/div>\n\t\t\t\t\t\t\t<\/div>\n\t\t<\/section>\n\t\t\t\t<section data-particle_enable=\"false\" data-particle-mobile-disabled=\"false\" class=\"elementor-section elementor-top-section elementor-element elementor-element-3570714 elementor-section-boxed elementor-section-height-default elementor-section-height-default\" data-id=\"3570714\" data-element_type=\"section\">\n\t\t\t\t\t\t<div class=\"elementor-container elementor-column-gap-default\">\n\t\t\t\t\t<div class=\"elementor-column elementor-col-100 elementor-top-column elementor-element elementor-element-d9627ba\" data-id=\"d9627ba\" data-element_type=\"column\">\n\t\t\t<div class=\"elementor-widget-wrap elementor-element-populated\">\n\t\t\t\t\t\t\t\t<div class=\"elementor-element elementor-element-306303c elementor-widget elementor-widget-heading\" data-id=\"306303c\" data-element_type=\"widget\" data-widget_type=\"heading.default\">\n\t\t\t\t<div class=\"elementor-widget-container\">\n\t\t\t<h2 class=\"elementor-heading-title elementor-size-default\">Contenido:<\/h2>\t\t<\/div>\n\t\t\t\t<\/div>\n\t\t\t\t\t<\/div>\n\t\t<\/div>\n\t\t\t\t\t\t\t<\/div>\n\t\t<\/section>\n\t\t\t\t<section data-particle_enable=\"false\" data-particle-mobile-disabled=\"false\" class=\"elementor-section elementor-top-section elementor-element elementor-element-f429fd8 elementor-section-boxed elementor-section-height-default elementor-section-height-default\" data-id=\"f429fd8\" data-element_type=\"section\">\n\t\t\t\t\t\t<div class=\"elementor-container elementor-column-gap-default\">\n\t\t\t\t\t<div class=\"elementor-column elementor-col-50 elementor-top-column elementor-element elementor-element-48808f7\" data-id=\"48808f7\" data-element_type=\"column\">\n\t\t\t<div class=\"elementor-widget-wrap elementor-element-populated\">\n\t\t\t\t\t\t\t\t<div class=\"elementor-element elementor-element-adc8fe2 elementor-widget elementor-widget-text-editor\" data-id=\"adc8fe2\" data-element_type=\"widget\" data-widget_type=\"text-editor.default\">\n\t\t\t\t<div class=\"elementor-widget-container\">\n\t\t\t\t\t\t\t<p><strong>Secci\u00f3n 1<\/strong>: Ciclo de vida de los crust\u00e1ceos dec\u00e1podos: puntos cr\u00edticos<br \/><strong>Secci\u00f3n 2<\/strong>: Los crust\u00e1ceos dec\u00e1podos en la acuicultura ornamental<br \/><strong>Secci\u00f3n 3<\/strong>: Camar\u00f3n \u201cred cherry\u201d como modelo y su comparaci\u00f3n con otras especies de potencial ornamental<br \/><strong>Secci\u00f3n 4<\/strong>: Especies nativas en la producci\u00f3n ornamental<\/p>\t\t\t\t\t\t<\/div>\n\t\t\t\t<\/div>\n\t\t\t\t\t<\/div>\n\t\t<\/div>\n\t\t\t\t<div class=\"elementor-column elementor-col-50 elementor-top-column elementor-element elementor-element-ff99903\" data-id=\"ff99903\" data-element_type=\"column\">\n\t\t\t<div class=\"elementor-widget-wrap elementor-element-populated\">\n\t\t\t\t\t\t\t\t<div class=\"elementor-element elementor-element-6afa347 elementor-widget elementor-widget-image\" data-id=\"6afa347\" data-element_type=\"widget\" data-widget_type=\"image.default\">\n\t\t\t\t<div class=\"elementor-widget-container\">\n\t\t\t\t\t\t\t\t\t\t\t\t\t\t\t<img loading=\"lazy\" decoding=\"async\" width=\"551\" height=\"371\" src=\"https:\/\/firmaonline.org\/xiifirma\/wp-content\/uploads\/2023\/09\/Curso4-1.jpg\" class=\"attachment-large size-large wp-image-2649\" alt=\"Curso4-1\" srcset=\"https:\/\/firmaonline.org\/xiifirma\/wp-content\/uploads\/2023\/09\/Curso4-1.jpg 551w, https:\/\/firmaonline.org\/xiifirma\/wp-content\/uploads\/2023\/09\/Curso4-1-300x202.jpg 300w\" sizes=\"auto, (max-width: 551px) 100vw, 551px\" \/>\t\t\t\t\t\t\t\t\t\t\t\t\t\t\t<\/div>\n\t\t\t\t<\/div>\n\t\t\t\t\t<\/div>\n\t\t<\/div>\n\t\t\t\t\t\t\t<\/div>\n\t\t<\/section>\n\t\t\t\t<section data-particle_enable=\"false\" data-particle-mobile-disabled=\"false\" class=\"elementor-section elementor-top-section elementor-element elementor-element-b6d6054 elementor-section-boxed elementor-section-height-default elementor-section-height-default\" data-id=\"b6d6054\" data-element_type=\"section\">\n\t\t\t\t\t\t<div class=\"elementor-container elementor-column-gap-default\">\n\t\t\t\t\t<div class=\"elementor-column elementor-col-33 elementor-top-column elementor-element elementor-element-236a04e\" data-id=\"236a04e\" data-element_type=\"column\">\n\t\t\t<div class=\"elementor-widget-wrap elementor-element-populated\">\n\t\t\t\t\t\t\t\t<div class=\"elementor-element elementor-element-fb9920d eael-pricing-content-align-center eael-pricing-button-align-center elementor-widget elementor-widget-eael-pricing-table\" data-id=\"fb9920d\" data-element_type=\"widget\" data-widget_type=\"eael-pricing-table.default\">\n\t\t\t\t<div class=\"elementor-widget-container\">\n\t\t\t                    <div class=\"eael-pricing style-1\"  style=\"overflow: hidden;\">\n                <div class=\"eael-pricing-item featured ribbon-4\">\n                    <div class=\"header\">\n                        <h2 class=\"title\">Profesional<\/h2>\n                    <\/div>\n                    <div class=\"eael-pricing-tag\">\n                        <span class=\"price-tag\"><span class=\"original-price\">20<span class=\"price-currency\"> EUR<\/span>\n                    <\/span><\/span>\n                        <span class=\"price-period\"> <\/span>\n                    <\/div>\n                    <div class=\"body\">\n                                <ul>\n                            <li class=\"elementor-repeater-item-e96d815\">\n                    \n                                \n            <span class=\"li-icon\" style=\"color:var( --e-global-color-b6983e9 );fill:var( --e-global-color-b6983e9 );\" >\n                                                            <i class=\"fas fa-check\"><\/i>\n                                                <\/span>\n\n        \n                    <span >Certificado de participaci\u00f3n<\/span>\n                    \n                     \n                <\/li>\n                    <\/ul>\n                        <\/div>\n\t                                <\/div>\n            <\/div>\n                \t\t<\/div>\n\t\t\t\t<\/div>\n\t\t\t\t\t<\/div>\n\t\t<\/div>\n\t\t\t\t<div class=\"elementor-column elementor-col-33 elementor-top-column elementor-element elementor-element-b19818d\" data-id=\"b19818d\" data-element_type=\"column\">\n\t\t\t<div class=\"elementor-widget-wrap elementor-element-populated\">\n\t\t\t\t\t\t\t\t<div class=\"elementor-element elementor-element-9ea7ada eael-pricing-content-align-center eael-pricing-button-align-center elementor-widget elementor-widget-eael-pricing-table\" data-id=\"9ea7ada\" data-element_type=\"widget\" data-widget_type=\"eael-pricing-table.default\">\n\t\t\t\t<div class=\"elementor-widget-container\">\n\t\t\t                    <div class=\"eael-pricing style-1\"  style=\"overflow: hidden;\">\n                <div class=\"eael-pricing-item featured ribbon-4\">\n                    <div class=\"header\">\n                        <h2 class=\"title\">Estudiante<\/h2>\n                    <\/div>\n                    <div class=\"eael-pricing-tag\">\n                        <span class=\"price-tag\"><span class=\"original-price\">10<span class=\"price-currency\"> EUR<\/span>\n                    <\/span><\/span>\n                        <span class=\"price-period\"> <\/span>\n                    <\/div>\n                    <div class=\"body\">\n                                <ul>\n                            <li class=\"elementor-repeater-item-e96d815\">\n                    \n                                \n            <span class=\"li-icon\" style=\"color:var( --e-global-color-b6983e9 );fill:var( --e-global-color-b6983e9 );\" >\n                                                            <i class=\"fas fa-check\"><\/i>\n                                                <\/span>\n\n        \n                    <span >Certificado de participaci\u00f3n<\/span>\n                    \n                     \n                <\/li>\n                    <\/ul>\n                        <\/div>\n\t                                <\/div>\n            <\/div>\n                \t\t<\/div>\n\t\t\t\t<\/div>\n\t\t\t\t\t<\/div>\n\t\t<\/div>\n\t\t\t\t<div class=\"elementor-column elementor-col-33 elementor-top-column elementor-element elementor-element-8ccfb75\" data-id=\"8ccfb75\" data-element_type=\"column\">\n\t\t\t<div class=\"elementor-widget-wrap elementor-element-populated\">\n\t\t\t\t\t\t\t\t<div class=\"elementor-element elementor-element-6859700 elementor-widget elementor-widget-heading\" data-id=\"6859700\" data-element_type=\"widget\" data-widget_type=\"heading.default\">\n\t\t\t\t<div class=\"elementor-widget-container\">\n\t\t\t<h2 class=\"elementor-heading-title elementor-size-default\">Pulsa el siguiente bot\u00f3n para inscribirte con pago mediante PayPal<\/h2>\t\t<\/div>\n\t\t\t\t<\/div>\n\t\t\t\t<div class=\"elementor-element elementor-element-afdfd29 elementor-align-center elementor-widget elementor-widget-button\" data-id=\"afdfd29\" data-element_type=\"widget\" data-widget_type=\"button.default\">\n\t\t\t\t<div class=\"elementor-widget-container\">\n\t\t\t\t\t<div class=\"elementor-button-wrapper\">\n\t\t\t<a class=\"elementor-button elementor-button-link elementor-size-sm\" href=\"https:\/\/firmaonline.org\/xiifirma-inscripcion-curso\/inscripcion-curso.php?codigo_curso=CU04\" target=\"_blank\">\n\t\t\t\t\t\t<span class=\"elementor-button-content-wrapper\">\n\t\t\t\t\t\t<span class=\"elementor-button-text\">Inscr\u00edbete aqu\u00ed<\/span>\n\t\t<\/span>\n\t\t\t\t\t<\/a>\n\t\t<\/div>\n\t\t\t\t<\/div>\n\t\t\t\t<\/div>\n\t\t\t\t<div class=\"elementor-element elementor-element-7ee38f7 elementor-widget elementor-widget-heading\" data-id=\"7ee38f7\" data-element_type=\"widget\" data-widget_type=\"heading.default\">\n\t\t\t\t<div class=\"elementor-widget-container\">\n\t\t\t<h2 class=\"elementor-heading-title elementor-size-default\">Si no puedes realizar el pago mediante PayPal, cont\u00e1ctanos a trav\u00e9s del correo cursos.firmaonline@gmail.com y te ayudaremos a concretar la inscripci\u00f3n<\/h2>\t\t<\/div>\n\t\t\t\t<\/div>\n\t\t\t\t\t<\/div>\n\t\t<\/div>\n\t\t\t\t\t\t\t<\/div>\n\t\t<\/section>\n\t\t\t\t<section data-particle_enable=\"false\" data-particle-mobile-disabled=\"false\" class=\"elementor-section elementor-top-section elementor-element elementor-element-b532cdb elementor-hidden-desktop elementor-hidden-tablet elementor-hidden-mobile elementor-section-boxed elementor-section-height-default elementor-section-height-default\" data-id=\"b532cdb\" data-element_type=\"section\">\n\t\t\t\t\t\t<div class=\"elementor-container elementor-column-gap-default\">\n\t\t\t\t\t<div class=\"elementor-column elementor-col-33 elementor-top-column elementor-element elementor-element-d212a4a\" data-id=\"d212a4a\" data-element_type=\"column\">\n\t\t\t<div class=\"elementor-widget-wrap elementor-element-populated\">\n\t\t\t\t\t\t\t\t<div class=\"elementor-element elementor-element-80c379c eael-pricing-content-align-center eael-pricing-button-align-center elementor-widget elementor-widget-eael-pricing-table\" data-id=\"80c379c\" data-element_type=\"widget\" data-widget_type=\"eael-pricing-table.default\">\n\t\t\t\t<div class=\"elementor-widget-container\">\n\t\t\t                    <div class=\"eael-pricing style-1\"  style=\"overflow: hidden;\">\n                <div class=\"eael-pricing-item featured ribbon-4\">\n                    <div class=\"header\">\n                        <h2 class=\"title\">Profesional<\/h2>\n                    <\/div>\n                    <div class=\"eael-pricing-tag\">\n                        <span class=\"price-tag\"><span class=\"original-price\">20<span class=\"price-currency\"> EUR<\/span>\n                    <\/span><\/span>\n                        <span class=\"price-period\"> <\/span>\n                    <\/div>\n                    <div class=\"body\">\n                                <ul>\n                            <li class=\"elementor-repeater-item-e96d815\">\n                    \n                                \n            <span class=\"li-icon\" style=\"color:var( --e-global-color-b6983e9 );fill:var( --e-global-color-b6983e9 );\" >\n                                                            <i class=\"fas fa-check\"><\/i>\n                                                <\/span>\n\n        \n                    <span >Certificado de participaci\u00f3n<\/span>\n                    \n                     \n                <\/li>\n                    <\/ul>\n                        <\/div>\n\t                                <\/div>\n            <\/div>\n                \t\t<\/div>\n\t\t\t\t<\/div>\n\t\t\t\t\t<\/div>\n\t\t<\/div>\n\t\t\t\t<div class=\"elementor-column elementor-col-33 elementor-top-column elementor-element elementor-element-b36637c\" data-id=\"b36637c\" data-element_type=\"column\">\n\t\t\t<div class=\"elementor-widget-wrap elementor-element-populated\">\n\t\t\t\t\t\t\t\t<div class=\"elementor-element elementor-element-a6bdcd2 eael-pricing-content-align-center eael-pricing-button-align-center elementor-widget elementor-widget-eael-pricing-table\" data-id=\"a6bdcd2\" data-element_type=\"widget\" data-widget_type=\"eael-pricing-table.default\">\n\t\t\t\t<div class=\"elementor-widget-container\">\n\t\t\t                    <div class=\"eael-pricing style-1\"  style=\"overflow: hidden;\">\n                <div class=\"eael-pricing-item featured ribbon-4\">\n                    <div class=\"header\">\n                        <h2 class=\"title\">Estudiante<\/h2>\n                    <\/div>\n                    <div class=\"eael-pricing-tag\">\n                        <span class=\"price-tag\"><span class=\"original-price\">10<span class=\"price-currency\"> EUR<\/span>\n                    <\/span><\/span>\n                        <span class=\"price-period\"> <\/span>\n                    <\/div>\n                    <div class=\"body\">\n                                <ul>\n                            <li class=\"elementor-repeater-item-e96d815\">\n                    \n                                \n            <span class=\"li-icon\" style=\"color:var( --e-global-color-b6983e9 );fill:var( --e-global-color-b6983e9 );\" >\n                                                            <i class=\"fas fa-check\"><\/i>\n                                                <\/span>\n\n        \n                    <span >Certificado de participaci\u00f3n<\/span>\n                    \n                     \n                <\/li>\n                    <\/ul>\n                        <\/div>\n\t                                <\/div>\n            <\/div>\n                \t\t<\/div>\n\t\t\t\t<\/div>\n\t\t\t\t\t<\/div>\n\t\t<\/div>\n\t\t\t\t<div class=\"elementor-column elementor-col-33 elementor-top-column elementor-element elementor-element-eda71bf\" data-id=\"eda71bf\" data-element_type=\"column\">\n\t\t\t<div class=\"elementor-widget-wrap elementor-element-populated\">\n\t\t\t\t\t\t\t\t<div class=\"elementor-element elementor-element-5be63a2 elementor-widget elementor-widget-heading\" data-id=\"5be63a2\" data-element_type=\"widget\" data-widget_type=\"heading.default\">\n\t\t\t\t<div class=\"elementor-widget-container\">\n\t\t\t<h2 class=\"elementor-heading-title elementor-size-default\">Para inscribirte, cont\u00e1ctanos a trav\u00e9s del correo cursos.firmaonline@gmail.com especificando tu nombre, direcci\u00f3n de correo y curso de inter\u00e9s, con todo gusto te guiaremos para concretar la inscripci\u00f3n<\/h2>\t\t<\/div>\n\t\t\t\t<\/div>\n\t\t\t\t\t<\/div>\n\t\t<\/div>\n\t\t\t\t\t\t\t<\/div>\n\t\t<\/section>\n\t\t\t\t\t\t\t<\/div>\n\t\t","protected":false},"excerpt":{"rendered":"<p>Crust\u00e1ceos dec\u00e1podos como modelos para la acuicultura ornamental: el desaf\u00edo de producir \u201cbelleza\u201d Instructora: Laura Susana L\u00f3pez Greco Duraci\u00f3n: 8 horasModalidad: Online Horario: 24 Nov desde las 8h a 12h (Hora Ecuador) 25 Nov desde las 8h a 12h (Hora Ecuador) La Dra. Laura L\u00f3pez Greco es Investigadora Principal del CONICET (IBBEA, CONICET-UBA) y Profesora [&hellip;]<\/p>\n","protected":false},"author":1,"featured_media":0,"parent":0,"menu_order":0,"comment_status":"closed","ping_status":"closed","template":"elementor_header_footer","meta":{"footnotes":""},"class_list":["post-2651","page","type-page","status-publish","hentry"],"acf":[],"_links":{"self":[{"href":"https:\/\/firmaonline.org\/xiifirma\/wp-json\/wp\/v2\/pages\/2651","targetHints":{"allow":["GET"]}}],"collection":[{"href":"https:\/\/firmaonline.org\/xiifirma\/wp-json\/wp\/v2\/pages"}],"about":[{"href":"https:\/\/firmaonline.org\/xiifirma\/wp-json\/wp\/v2\/types\/page"}],"author":[{"embeddable":true,"href":"https:\/\/firmaonline.org\/xiifirma\/wp-json\/wp\/v2\/users\/1"}],"replies":[{"embeddable":true,"href":"https:\/\/firmaonline.org\/xiifirma\/wp-json\/wp\/v2\/comments?post=2651"}],"version-history":[{"count":19,"href":"https:\/\/firmaonline.org\/xiifirma\/wp-json\/wp\/v2\/pages\/2651\/revisions"}],"predecessor-version":[{"id":3656,"href":"https:\/\/firmaonline.org\/xiifirma\/wp-json\/wp\/v2\/pages\/2651\/revisions\/3656"}],"wp:attachment":[{"href":"https:\/\/firmaonline.org\/xiifirma\/wp-json\/wp\/v2\/media?parent=2651"}],"curies":[{"name":"wp","href":"https:\/\/api.w.org\/{rel}","templated":true}]}}