{"id":546,"date":"2023-04-28T14:15:09","date_gmt":"2023-04-28T14:15:09","guid":{"rendered":"https:\/\/firmaonline.org\/xiifirma\/?page_id=546"},"modified":"2023-04-30T19:28:43","modified_gmt":"2023-04-30T19:28:43","slug":"condiciones-de-servicio","status":"publish","type":"page","link":"https:\/\/firmaonline.org\/xiifirma\/condiciones-de-servicio\/","title":{"rendered":"Condiciones de servicio"},"content":{"rendered":"\t\t<div data-elementor-type=\"wp-page\" data-elementor-id=\"546\" class=\"elementor elementor-546\" data-elementor-post-type=\"page\">\n\t\t\t\t\t\t\t\t\t<section data-particle_enable=\"false\" data-particle-mobile-disabled=\"false\" class=\"elementor-section elementor-top-section elementor-element elementor-element-0009f6f elementor-section-boxed elementor-section-height-default elementor-section-height-default\" data-id=\"0009f6f\" data-element_type=\"section\" data-settings=\"{&quot;background_background&quot;:&quot;classic&quot;}\">\n\t\t\t\t\t\t<div class=\"elementor-container elementor-column-gap-default\">\n\t\t\t\t\t<div class=\"elementor-column elementor-col-100 elementor-top-column elementor-element elementor-element-adac567\" data-id=\"adac567\" data-element_type=\"column\">\n\t\t\t<div class=\"elementor-widget-wrap elementor-element-populated\">\n\t\t\t\t\t\t\t\t<div class=\"elementor-element elementor-element-fc1302a elementor-widget elementor-widget-heading\" data-id=\"fc1302a\" data-element_type=\"widget\" data-widget_type=\"heading.default\">\n\t\t\t\t<div class=\"elementor-widget-container\">\n\t\t\t<style>\/*! elementor - v3.15.0 - 20-08-2023 *\/\n.elementor-heading-title{padding:0;margin:0;line-height:1}.elementor-widget-heading .elementor-heading-title[class*=elementor-size-]>a{color:inherit;font-size:inherit;line-height:inherit}.elementor-widget-heading .elementor-heading-title.elementor-size-small{font-size:15px}.elementor-widget-heading .elementor-heading-title.elementor-size-medium{font-size:19px}.elementor-widget-heading .elementor-heading-title.elementor-size-large{font-size:29px}.elementor-widget-heading .elementor-heading-title.elementor-size-xl{font-size:39px}.elementor-widget-heading .elementor-heading-title.elementor-size-xxl{font-size:59px}<\/style><h2 class=\"elementor-heading-title elementor-size-default\">Condiciones de servicio<\/h2>\t\t<\/div>\n\t\t\t\t<\/div>\n\t\t\t\t<div class=\"elementor-element elementor-element-014eeea elementor-widget elementor-widget-heading\" data-id=\"014eeea\" data-element_type=\"widget\" data-widget_type=\"heading.default\">\n\t\t\t\t<div class=\"elementor-widget-container\">\n\t\t\t<h2 class=\"elementor-heading-title elementor-size-default\">T\u00e9rminos de uso de nuestra web<\/h2>\t\t<\/div>\n\t\t\t\t<\/div>\n\t\t\t\t\t<\/div>\n\t\t<\/div>\n\t\t\t\t\t\t\t<\/div>\n\t\t<\/section>\n\t\t\t\t<section data-particle_enable=\"false\" data-particle-mobile-disabled=\"false\" class=\"elementor-section elementor-top-section elementor-element elementor-element-405a2ac elementor-section-boxed elementor-section-height-default elementor-section-height-default\" data-id=\"405a2ac\" data-element_type=\"section\">\n\t\t\t\t\t\t<div class=\"elementor-container elementor-column-gap-default\">\n\t\t\t\t\t<div class=\"elementor-column elementor-col-100 elementor-top-column elementor-element elementor-element-6e99a9f\" data-id=\"6e99a9f\" data-element_type=\"column\">\n\t\t\t<div class=\"elementor-widget-wrap elementor-element-populated\">\n\t\t\t\t\t\t\t\t<div class=\"elementor-element elementor-element-6af6468 elementor-widget elementor-widget-image\" data-id=\"6af6468\" data-element_type=\"widget\" data-widget_type=\"image.default\">\n\t\t\t\t<div class=\"elementor-widget-container\">\n\t\t\t<style>\/*! elementor - v3.15.0 - 20-08-2023 *\/\n.elementor-widget-image{text-align:center}.elementor-widget-image a{display:inline-block}.elementor-widget-image a img[src$=\".svg\"]{width:48px}.elementor-widget-image img{vertical-align:middle;display:inline-block}<\/style>\t\t\t\t\t\t\t\t\t\t\t\t<img loading=\"lazy\" decoding=\"async\" width=\"670\" height=\"177\" src=\"https:\/\/firmaonline.org\/xiifirma\/wp-content\/uploads\/2023\/02\/cropped-Logo-firma-2023-3.png\" class=\"attachment-large size-large wp-image-202\" alt=\"Logo Firma 2023\" srcset=\"https:\/\/firmaonline.org\/xiifirma\/wp-content\/uploads\/2023\/02\/cropped-Logo-firma-2023-3.png 670w, https:\/\/firmaonline.org\/xiifirma\/wp-content\/uploads\/2023\/02\/cropped-Logo-firma-2023-3-300x79.png 300w\" sizes=\"auto, (max-width: 670px) 100vw, 670px\" \/>\t\t\t\t\t\t\t\t\t\t\t\t\t\t\t<\/div>\n\t\t\t\t<\/div>\n\t\t\t\t\t<\/div>\n\t\t<\/div>\n\t\t\t\t\t\t\t<\/div>\n\t\t<\/section>\n\t\t\t\t<section data-particle_enable=\"false\" data-particle-mobile-disabled=\"false\" class=\"elementor-section elementor-top-section elementor-element elementor-element-8bebb76 elementor-section-boxed elementor-section-height-default elementor-section-height-default\" data-id=\"8bebb76\" data-element_type=\"section\">\n\t\t\t\t\t\t<div class=\"elementor-container elementor-column-gap-default\">\n\t\t\t\t\t<div class=\"elementor-column elementor-col-100 elementor-top-column elementor-element elementor-element-a3a76c3\" data-id=\"a3a76c3\" data-element_type=\"column\">\n\t\t\t<div class=\"elementor-widget-wrap elementor-element-populated\">\n\t\t\t\t\t\t\t\t<div class=\"elementor-element elementor-element-1224807 elementor-widget elementor-widget-text-editor\" data-id=\"1224807\" data-element_type=\"widget\" data-widget_type=\"text-editor.default\">\n\t\t\t\t<div class=\"elementor-widget-container\">\n\t\t\t<style>\/*! elementor - v3.15.0 - 20-08-2023 *\/\n.elementor-widget-text-editor.elementor-drop-cap-view-stacked .elementor-drop-cap{background-color:#69727d;color:#fff}.elementor-widget-text-editor.elementor-drop-cap-view-framed .elementor-drop-cap{color:#69727d;border:3px solid;background-color:transparent}.elementor-widget-text-editor:not(.elementor-drop-cap-view-default) .elementor-drop-cap{margin-top:8px}.elementor-widget-text-editor:not(.elementor-drop-cap-view-default) .elementor-drop-cap-letter{width:1em;height:1em}.elementor-widget-text-editor .elementor-drop-cap{float:left;text-align:center;line-height:1;font-size:50px}.elementor-widget-text-editor .elementor-drop-cap-letter{display:inline-block}<\/style>\t\t\t\t<div class=\"elementor-element elementor-element-08dccd3 elementor-widget elementor-widget-text-editor\" data-id=\"08dccd3\" data-element_type=\"widget\" data-widget_type=\"text-editor.default\"><div class=\"elementor-widget-container\"><div class=\"elementor-element elementor-element-9e5dfc0 elementor-widget elementor-widget-text-editor\" data-id=\"9e5dfc0\" data-element_type=\"widget\" data-widget_type=\"text-editor.default\"><div class=\"elementor-widget-container\"><p>Esta p\u00e1gina web es propiedad y est\u00e1 operada por el Foro Iberoamericano de los Recursos Marinos y la Acuicultura (FIRMA). Estos T\u00e9rminos establecen los t\u00e9rminos y condiciones bajo los cuales\u00a0 puede usar nuestra p\u00e1gina web y servicios ofrecidos por nosotros. Esta p\u00e1gina web ofrece a los visitantes servicios relacionados con el XII FIRMA, as\u00ed como cursos de formaci\u00f3n, consulta y asesor\u00eda en el \u00e1rea de acuicultura y producci\u00f3n acu\u00edcola. Al acceder o usar la p\u00e1gina web de nuestro servicio, usted aprueba que haya le\u00eddo, entendido y aceptado estar sujeto a estos T\u00e9rminos:<\/p><\/div><\/div><div class=\"elementor-element elementor-element-61077ba elementor-widget elementor-widget-text-editor\" data-id=\"61077ba\" data-element_type=\"widget\" data-widget_type=\"text-editor.default\"><div class=\"elementor-widget-container\"><p><strong>\u00bfQui\u00e9n puede usar nuestra p\u00e1gina web?<\/strong><br \/><em>Para usar nuestra p\u00e1gina web y\/o recibir nuestros servicios, debes tener al menos 18 a\u00f1os de edad, o la mayor\u00eda de edad legal en tu jurisdicci\u00f3n, y poseer la autoridad legal, el derecho y la libertad para participar en estos T\u00e9rminos como un acuerdo vinculante. No tienes permitido utilizar esta p\u00e1gina web y\/o recibir servicios si hacerlo est\u00e1 prohibido en tu pa\u00eds o en virtud de cualquier ley o regulaci\u00f3n aplicable a tu caso.<\/em><\/p><\/div><\/div><div class=\"elementor-element elementor-element-a63cd47 elementor-widget elementor-widget-text-editor\" data-id=\"a63cd47\" data-element_type=\"widget\" data-widget_type=\"text-editor.default\"><div class=\"elementor-widget-container\"><p><strong>Retenci\u00f3n del derecho a cambiar la oferta de servicios<br \/><\/strong><em>Podemos, sin aviso previo, cambiar los servicios; dejar de proporcionar los servicios o cualquier caracter\u00edstica de los servicios que ofrecemos; o crear l\u00edmites para los servicios. Podemos\u00a0 suspender de manera permanente o temporal el acceso a los servicios sin previo aviso ni responsabilidad por cualquier motivo, o sin ning\u00fan motivo.<\/em><\/p><\/div><\/div><div class=\"elementor-element elementor-element-b694d82 elementor-widget elementor-widget-text-editor\" data-id=\"b694d82\" data-element_type=\"widget\" data-widget_type=\"text-editor.default\"><div class=\"elementor-widget-container\"><p><strong>Posesi\u00f3n de propiedad intelectual, derechos de autor y logos<br \/><\/strong><em>El Servicio y todos los materiales incluidos o transferidos, incluyendo, sin limitaci\u00f3n, software, im\u00e1genes, texto, gr\u00e1ficos, logotipos, patentes, marcas registradas, marcas de servicio, derechos de autor, fotograf\u00edas, audio, videos, m\u00fasica y todos los Derechos de Propiedad Intelectual relacionados con ellos, son la propiedad exclusiva del Foro Iberoamericano de los Recursos Marinos y la Acuicultura. Salvo que se indique expl\u00edcitamente en este documento, no se considerar\u00e1 que nada en estos T\u00e9rminos crea una licencia en o bajo ninguno de dichos Derechos de Propiedad Intelectual, y tu aceptas no vender, licenciar, alquilar, modificar, distribuir, copiar, reproducir, transmitir, exhibir p\u00fablicamente, realizar p\u00fablicamente, publicar, adaptar, editar o crear trabajos derivados de los mismos.<\/em><\/p><\/div><\/div><div class=\"elementor-element elementor-element-d772021 elementor-widget elementor-widget-text-editor\" data-id=\"d772021\" data-element_type=\"widget\" data-widget_type=\"text-editor.default\"><div class=\"elementor-widget-container\"><p><strong>Derecho a suspender o cancelar la cuenta de usuario<br \/><\/strong><em>Podemos terminar o suspender de manera permanente o temporal tu acceso al servicio sin previo aviso y responsabilidad por cualquier raz\u00f3n, incluso si a nuestra sola determinaci\u00f3n t\u00fa violas alguna disposici\u00f3n de estos T\u00e9rminos o cualquier ley o regulaci\u00f3n aplicable. Puedes descontinuar el uso y solicitar cancelar tu cuenta y\/o cualquier servicio en cualquier momento. Sin perjuicio de lo contrario en lo que antecede, con respecto a las suscripciones renovadas autom\u00e1ticamente a los servicios pagados (si en alg\u00fan momento los hubiere), dichas suscripciones se suspender\u00e1n solo al vencimiento del per\u00edodo correspondiente por el que ya has realizado el pago.<\/em><\/p><\/div><\/div><div class=\"elementor-element elementor-element-8001af4 elementor-widget elementor-widget-text-editor\" data-id=\"8001af4\" data-element_type=\"widget\" data-widget_type=\"text-editor.default\"><div class=\"elementor-widget-container\"><p><strong>Indemnizaci\u00f3n<br \/><\/strong><em>T\u00fa acuerdas indemnizar y eximir de responsabilidad al FIRMA de cualquier demanda, p\u00e9rdida, responsabilidad, reclamaci\u00f3n o gasto (incluidos los honorarios de abogados) que terceros realicen en tu contra como consecuencia de, o derivado de, o en relaci\u00f3n con tu uso de la p\u00e1gina web o cualquiera de los servicios ofrecidos en la p\u00e1gina web<\/em><\/p><\/div><\/div><div class=\"elementor-element elementor-element-92105aa elementor-widget elementor-widget-text-editor\" data-id=\"92105aa\" data-element_type=\"widget\" data-widget_type=\"text-editor.default\"><div class=\"elementor-widget-container\"><p><strong>Limitaci\u00f3n de responsabilidad<br \/><\/strong><em>En la m\u00e1xima medida permitida por la ley aplicable, en ning\u00fan caso el FIRMA ser\u00e1 responsable por da\u00f1os indirectos, punitivos, incidentales, especiales, consecuentes o ejemplares, incluidos, entre otros, da\u00f1os por p\u00e9rdida de beneficios, buena voluntad, uso, datos. u otras p\u00e9rdidas intangibles, que surjan de o est\u00e9n relacionadas con el uso o la imposibilidad de utilizar el servicio.\u00a0<\/em><\/p><p>En la m\u00e1xima medida permitida por la ley aplicable, el FIRMA no asume responsabilidad alguna por (i) errores, errores o inexactitudes de contenido; (ii) lesiones personales o da\u00f1os a la propiedad, de cualquier naturaleza que sean, como resultado de tu acceso o uso de nuestro servicio; y (iii) cualquier acceso no autorizado o uso de nuestros servidores seguros y\/o toda la informaci\u00f3n personal almacenada en los mismos.<\/p><\/div><\/div><div class=\"elementor-element elementor-element-06eac47 elementor-widget elementor-widget-text-editor\" data-id=\"06eac47\" data-element_type=\"widget\" data-widget_type=\"text-editor.default\"><div class=\"elementor-widget-container\"><p><strong>Derecho a cambiar y modificar los T\u00e9rminos<br \/><\/strong>Nos reservamos el derecho de modificar estos t\u00e9rminos a nuestra entera discreci\u00f3n. Por lo tanto, debes revisar estas p\u00e1ginas peri\u00f3dicamente. Cuando cambiemos los T\u00e9rminos de una manera material, te notificaremos que se han realizado cambios importantes en los T\u00e9rminos. El uso continuado de la p\u00e1gina web o nuestro servicio despu\u00e9s de dicho cambio constituye tu aceptaci\u00f3n de los nuevos T\u00e9rminos. Si no aceptas alguno de estos t\u00e9rminos o cualquier versi\u00f3n futura de los T\u00e9rminos, no uses o\u00a0 accedas (o contin\u00faes accediendo) a la p\u00e1gina web o al servicio.<strong><br \/><\/strong><\/p><\/div><\/div><div class=\"elementor-element elementor-element-10904da elementor-widget elementor-widget-text-editor\" data-id=\"10904da\" data-element_type=\"widget\" data-widget_type=\"text-editor.default\"><div class=\"elementor-widget-container\"><p><strong>Emails de promociones y contenido<br \/><\/strong>A<em>ceptas recibir de manera espor\u00e1dica nuestros mensajes y materiales de promoci\u00f3n, por correo postal, correo electr\u00f3nico o cualquier otro formulario de contacto que nos proporciones (incluido tu n\u00famero de tel\u00e9fono para llamadas o mensajes de texto). Si no deseas recibir dichos materiales o avisos de promociones, simplemente av\u00edsanos en cualquier momento.<\/em><strong><br \/><\/strong><\/p><\/div><\/div><div class=\"elementor-element elementor-element-fe46d22 elementor-widget elementor-widget-text-editor\" data-id=\"fe46d22\" data-element_type=\"widget\" data-widget_type=\"text-editor.default\"><div class=\"elementor-widget-container\"><p><strong>Preferencia de ley y resoluci\u00f3n de disputas<br \/><\/strong><em>Estos T\u00e9rminos, los derechos y recursos provistos aqu\u00ed, y todos y cada uno de los reclamos y disputas relacionados con este y\/o los servicios, se regir\u00e1n, interpretar\u00e1n y aplicar\u00e1n en todos los aspectos \u00fanica y exclusivamente de conformidad con las leyes sustantivas internas de Espa\u00f1a. Todos los reclamos y disputas se presentar\u00e1n y usted acepta que sean decididos exclusivamente por un tribunal de jurisdicci\u00f3n competente ubicado en Las Palmas de Gran Canaria. La aplicaci\u00f3n de la Convenci\u00f3n de Contratos de las Naciones Unidas para la Venta Internacional de Bienes queda expresamente excluida.<\/em><\/p><\/div><\/div><\/div><\/div>\t\t\t\t\t\t<\/div>\n\t\t\t\t<\/div>\n\t\t\t\t\t<\/div>\n\t\t<\/div>\n\t\t\t\t\t\t\t<\/div>\n\t\t<\/section>\n\t\t\t\t\t\t\t<\/div>\n\t\t","protected":false},"excerpt":{"rendered":"<p>Condiciones de servicio T\u00e9rminos de uso de nuestra web Esta p\u00e1gina web es propiedad y est\u00e1 operada por el Foro Iberoamericano de los Recursos Marinos y la Acuicultura (FIRMA). Estos T\u00e9rminos establecen los t\u00e9rminos y condiciones bajo los cuales\u00a0 puede usar nuestra p\u00e1gina web y servicios ofrecidos por nosotros. Esta p\u00e1gina web ofrece a los [&hellip;]<\/p>\n","protected":false},"author":1,"featured_media":0,"parent":0,"menu_order":0,"comment_status":"closed","ping_status":"closed","template":"elementor_header_footer","meta":{"footnotes":""},"class_list":["post-546","page","type-page","status-publish","hentry"],"acf":[],"_links":{"self":[{"href":"https:\/\/firmaonline.org\/xiifirma\/wp-json\/wp\/v2\/pages\/546","targetHints":{"allow":["GET"]}}],"collection":[{"href":"https:\/\/firmaonline.org\/xiifirma\/wp-json\/wp\/v2\/pages"}],"about":[{"href":"https:\/\/firmaonline.org\/xiifirma\/wp-json\/wp\/v2\/types\/page"}],"author":[{"embeddable":true,"href":"https:\/\/firmaonline.org\/xiifirma\/wp-json\/wp\/v2\/users\/1"}],"replies":[{"embeddable":true,"href":"https:\/\/firmaonline.org\/xiifirma\/wp-json\/wp\/v2\/comments?post=546"}],"version-history":[{"count":8,"href":"https:\/\/firmaonline.org\/xiifirma\/wp-json\/wp\/v2\/pages\/546\/revisions"}],"predecessor-version":[{"id":4211,"href":"https:\/\/firmaonline.org\/xiifirma\/wp-json\/wp\/v2\/pages\/546\/revisions\/4211"}],"wp:attachment":[{"href":"https:\/\/firmaonline.org\/xiifirma\/wp-json\/wp\/v2\/media?parent=546"}],"curies":[{"name":"wp","href":"https:\/\/api.w.org\/{rel}","templated":true}]}}