{"id":178,"date":"2025-06-22T23:56:37","date_gmt":"2025-06-22T21:56:37","guid":{"rendered":"https:\/\/firmaonline.org\/xiii-firma\/?page_id=178"},"modified":"2025-09-23T23:39:43","modified_gmt":"2025-09-23T21:39:43","slug":"empresas-e-instituciones","status":"publish","type":"page","link":"https:\/\/firmaonline.org\/xiii-firma\/empresas-e-instituciones\/","title":{"rendered":"Empresas e instituciones"},"content":{"rendered":"\t\t<div data-elementor-type=\"wp-page\" data-elementor-id=\"178\" class=\"elementor elementor-178\" data-elementor-post-type=\"page\">\n\t\t\t\t<div class=\"elementor-element elementor-element-33bb7d4 e-flex e-con-boxed e-con e-parent\" data-id=\"33bb7d4\" data-element_type=\"container\" data-settings=\"{&quot;background_background&quot;:&quot;classic&quot;,&quot;shape_divider_bottom&quot;:&quot;mountains&quot;}\">\n\t\t\t\t\t<div class=\"e-con-inner\">\n\t\t\t\t<div class=\"elementor-shape elementor-shape-bottom\" aria-hidden=\"true\" data-negative=\"false\">\n\t\t\t<svg xmlns=\"http:\/\/www.w3.org\/2000\/svg\" viewBox=\"0 0 1000 100\" preserveAspectRatio=\"none\">\n\t<path class=\"elementor-shape-fill\" opacity=\"0.33\" d=\"M473,67.3c-203.9,88.3-263.1-34-320.3,0C66,119.1,0,59.7,0,59.7V0h1000v59.7 c0,0-62.1,26.1-94.9,29.3c-32.8,3.3-62.8-12.3-75.8-22.1C806,49.6,745.3,8.7,694.9,4.7S492.4,59,473,67.3z\"\/>\n\t<path class=\"elementor-shape-fill\" opacity=\"0.66\" d=\"M734,67.3c-45.5,0-77.2-23.2-129.1-39.1c-28.6-8.7-150.3-10.1-254,39.1 s-91.7-34.4-149.2,0C115.7,118.3,0,39.8,0,39.8V0h1000v36.5c0,0-28.2-18.5-92.1-18.5C810.2,18.1,775.7,67.3,734,67.3z\"\/>\n\t<path class=\"elementor-shape-fill\" d=\"M766.1,28.9c-200-57.5-266,65.5-395.1,19.5C242,1.8,242,5.4,184.8,20.6C128,35.8,132.3,44.9,89.9,52.5C28.6,63.7,0,0,0,0 h1000c0,0-9.9,40.9-83.6,48.1S829.6,47,766.1,28.9z\"\/>\n<\/svg>\t\t<\/div>\n\t\t\t\t<div class=\"elementor-element elementor-element-bafd3ca elementor-widget elementor-widget-heading\" data-id=\"bafd3ca\" data-element_type=\"widget\" data-widget_type=\"heading.default\">\n\t\t\t\t<div class=\"elementor-widget-container\">\n\t\t\t\t\t<h2 class=\"elementor-heading-title elementor-size-default\">Empresas e instituciones<\/h2>\t\t\t\t<\/div>\n\t\t\t\t<\/div>\n\t\t\t\t<div class=\"elementor-element elementor-element-4f9fa58 elementor-widget elementor-widget-heading\" data-id=\"4f9fa58\" data-element_type=\"widget\" data-widget_type=\"heading.default\">\n\t\t\t\t<div class=\"elementor-widget-container\">\n\t\t\t\t\t<h2 class=\"elementor-heading-title elementor-size-default\">programas de patrocinio<\/h2>\t\t\t\t<\/div>\n\t\t\t\t<\/div>\n\t\t\t\t\t<\/div>\n\t\t\t\t<\/div>\n\t\t<div class=\"elementor-element elementor-element-80cffda e-flex e-con-boxed e-con e-parent\" data-id=\"80cffda\" data-element_type=\"container\">\n\t\t\t\t\t<div class=\"e-con-inner\">\n\t\t<div class=\"elementor-element elementor-element-fc622f5 e-con-full e-flex e-con e-child\" data-id=\"fc622f5\" data-element_type=\"container\">\n\t\t\t\t<div class=\"elementor-element elementor-element-28ef7aa elementor-widget elementor-widget-text-editor\" data-id=\"28ef7aa\" data-element_type=\"widget\" data-widget_type=\"text-editor.default\">\n\t\t\t\t<div class=\"elementor-widget-container\">\n\t\t\t\t\t\t\t\t\t<p><b><span class=\"notranslate\" translate=\"no\"> <span class=\"notranslate\" translate=\"no\"> FIRMA <\/span> <\/span>:<\/b>\u00a0Foro Iberoamericano de Recursos Marinos y la Acuicultura, es un escenario que analiza el estado de los recursos acu\u00e1ticos vivos, su grado de explotaci\u00f3n, cultivo, sostenibilidad, estado del conocimiento y perspectivas futuras para Iberoam\u00e9rica, generando discusi\u00f3n sobre pol\u00edticas de conservaci\u00f3n de los recursos, investigaci\u00f3n y desarrollo de la acuicultura, todo esto enfocado en la seguridad alimentaria y sostenibilidad a futuro.<\/p><p>Para este XIII <span class=\"notranslate\" translate=\"no\"> <span class=\"notranslate\" translate=\"no\"> FIRMA <\/span> <\/span>, estamos proyectando unos 8000 o m\u00e1s participantes de diferentes pa\u00edses de Iberoam\u00e9rica, con 6 conferencias magistrales, 11 sesiones de discusi\u00f3n de t\u00f3picos actualmente relevantes relacionados a la acuicultura y los recursos marinos y cursos precongreso. Nuestro comit\u00e9 cuenta con m\u00e1s de 50 personalidades representantes en los pa\u00edses iberoamericanos y regiones del mundo que nos est\u00e1n apoyando con la organizaci\u00f3n y la promoci\u00f3n, lo que nos garantizar\u00e1 el \u00e9xito del evento.<\/p>\t\t\t\t\t\t\t\t<\/div>\n\t\t\t\t<\/div>\n\t\t\t\t<\/div>\n\t\t<div class=\"elementor-element elementor-element-d2b9ac0 e-con-full e-flex e-con e-child\" data-id=\"d2b9ac0\" data-element_type=\"container\" data-settings=\"{&quot;background_background&quot;:&quot;classic&quot;}\">\n\t\t\t\t<\/div>\n\t\t\t\t\t<\/div>\n\t\t\t\t<\/div>\n\t\t<div class=\"elementor-element elementor-element-8e31c8c e-flex e-con-boxed e-con e-parent\" data-id=\"8e31c8c\" data-element_type=\"container\">\n\t\t\t\t\t<div class=\"e-con-inner\">\n\t\t<div class=\"elementor-element elementor-element-9a50072 e-con-full e-flex e-con e-child\" data-id=\"9a50072\" data-element_type=\"container\" data-settings=\"{&quot;background_background&quot;:&quot;classic&quot;}\">\n\t\t\t\t<\/div>\n\t\t<div class=\"elementor-element elementor-element-1ae12a1 e-con-full e-flex e-con e-child\" data-id=\"1ae12a1\" data-element_type=\"container\" data-settings=\"{&quot;background_background&quot;:&quot;classic&quot;}\">\n\t\t\t\t<div class=\"elementor-element elementor-element-1435092 elementor-widget elementor-widget-text-editor\" data-id=\"1435092\" data-element_type=\"widget\" data-widget_type=\"text-editor.default\">\n\t\t\t\t<div class=\"elementor-widget-container\">\n\t\t\t\t\t\t\t\t\t<p>En las sesiones de discusi\u00f3n ya tenemos confirmada la intervenci\u00f3n de la mayor\u00eda de los expertos de diferentes pa\u00edses, lo que aportar\u00e1 una extraordinaria experiencia para los asistentes, enriquecida con la discusi\u00f3n de las ideas presentadas por el panel de expertos y la intervenci\u00f3n del p\u00fablico.<\/p><p>En este sentido,\u00a0el <span class=\"notranslate\" translate=\"no\"> <span class=\"notranslate\" translate=\"no\"> FIRMA <\/span> <\/span> forma una plataforma de visualizaci\u00f3n adecuada y pertinente para todos los actores relacionados con el aprovechamiento de los recursos marinos y la acuicultura, sirviendo de escenario a las empresas, instituciones acad\u00e9micas o gubernamentales, ONGs, consultores o cualquier otro ente, para ofrecer sus productos o servicios.<\/p>\t\t\t\t\t\t\t\t<\/div>\n\t\t\t\t<\/div>\n\t\t\t\t<\/div>\n\t\t\t\t\t<\/div>\n\t\t\t\t<\/div>\n\t\t<div class=\"elementor-element elementor-element-1fd9eeb e-flex e-con-boxed e-con e-parent\" data-id=\"1fd9eeb\" data-element_type=\"container\">\n\t\t\t\t\t<div class=\"e-con-inner\">\n\t\t\t\t<div class=\"elementor-element elementor-element-b3a378c elementor-widget elementor-widget-text-editor\" data-id=\"b3a378c\" data-element_type=\"widget\" data-widget_type=\"text-editor.default\">\n\t\t\t\t<div class=\"elementor-widget-container\">\n\t\t\t\t\t\t\t\t\t<p>Las empresas o instituciones interesadas en formar parte de esta actividad, de modo que el <span class=\"notranslate\" translate=\"no\"> <span class=\"notranslate\" translate=\"no\"> FIRMA <\/span> <\/span> les sirva de v\u00ednculo con nuestra extensa red, pueden optar a los siguientes programas:<\/p><p><strong>Patrocinante Bronce (\u20ac 300 EUR)<\/strong>: Tendr\u00e1n un espacio en la p\u00e1gina web con su logotipo y\/o nombre, un enlace a su p\u00e1gina web, videos y\/o redes sociales.<\/p><p><strong>Patrocinante Plata (\u20ac 600 EUR)<\/strong>: Todo lo incluido en el nivel bronce. Adicionalmente, se ofrece un Banner principal con un enlace a una p\u00e1gina web, videos y\/o redes sociales en la p\u00e1gina web para uno de los d\u00edas del evento (d\u00eda adicional del banner, \u20ac 300 EUR) y se dar\u00e1 promoci\u00f3n en las mesas de discusi\u00f3n y la conferencia magistral de ese d\u00eda.<\/p><p><strong>Patrocinante Oro (\u20ac 1 000 EUR)<\/strong>: Todo lo incluido en el nivel plata. Adicionalmente, se dar\u00e1 un espacio de sobremesa: hablando con el experto, disponiendo la organizaci\u00f3n de 60 min para promocionar sus productos o servicios a trav\u00e9s de una presentaci\u00f3n t\u00e9cnica y una sesi\u00f3n de preguntas y respuestas del p\u00fablico.<\/p><p><strong>Patrocinante Platino (\u20ac 1 500 EUR)<\/strong>: Todo lo incluido en el nivel oro, pero el Banner principal correr\u00e1 todos los d\u00edas del evento.<\/p><p><strong>Patrocinante Especial<\/strong>: Patrocinio de una entidad que colabora con el <span class=\"notranslate\" translate=\"no\"> <span class=\"notranslate\" translate=\"no\"> FIRMA <\/span> <\/span> mediante un apoyo significativo (financiamiento o desarrollo de videoconferencias (online), aporte de expositor (es), alquiler de locales, material del evento-bolsos etc., u otros desembolsos de mayor envergadura. En reconocimiento a su apoyo, el patrocinante recibir\u00e1 una atenci\u00f3n promocional destacada, adem\u00e1s de los beneficios correspondientes al patrocinio platino.<\/p><p>Las empresas o instituciones interesadas nos pueden contactar a trav\u00e9s de la direcci\u00f3n de correo electr\u00f3nico:\u00a0<u><a href=\"mailto:empresas.firmaonline@gmail.com\">empresas.firmaonline@gmail.com<\/a><\/u>\u00a0en la que con todo gusto los atenderemos y, con seguridad, podremos establecer un v\u00ednculo que los apoye en sus prop\u00f3sitos empresariales o institucionales.<\/p>\t\t\t\t\t\t\t\t<\/div>\n\t\t\t\t<\/div>\n\t\t\t\t\t<\/div>\n\t\t\t\t<\/div>\n\t\t<div class=\"elementor-element elementor-element-292486a e-flex e-con-boxed e-con e-parent\" data-id=\"292486a\" data-element_type=\"container\">\n\t\t\t\t\t<div class=\"e-con-inner\">\n\t\t\t\t<div class=\"elementor-element elementor-element-c76e4d6 elementor-widget elementor-widget-heading\" data-id=\"c76e4d6\" data-element_type=\"widget\" data-widget_type=\"heading.default\">\n\t\t\t\t<div class=\"elementor-widget-container\">\n\t\t\t\t\t<h2 class=\"elementor-heading-title elementor-size-default\">Un apoyo solidario para no dejar a nadie atr\u00e1s<\/h2>\t\t\t\t<\/div>\n\t\t\t\t<\/div>\n\t\t\t\t<div class=\"elementor-element elementor-element-4872034 elementor-widget-divider--view-line elementor-widget elementor-widget-divider\" data-id=\"4872034\" data-element_type=\"widget\" data-widget_type=\"divider.default\">\n\t\t\t\t<div class=\"elementor-widget-container\">\n\t\t\t\t\t\t\t<div class=\"elementor-divider\">\n\t\t\t<span class=\"elementor-divider-separator\">\n\t\t\t\t\t\t<\/span>\n\t\t<\/div>\n\t\t\t\t\t\t<\/div>\n\t\t\t\t<\/div>\n\t\t\t\t\t<\/div>\n\t\t\t\t<\/div>\n\t\t<div class=\"elementor-element elementor-element-99370df e-flex e-con-boxed e-con e-parent\" data-id=\"99370df\" data-element_type=\"container\">\n\t\t\t\t\t<div class=\"e-con-inner\">\n\t\t<div class=\"elementor-element elementor-element-dfcd3bc e-con-full e-flex e-con e-child\" data-id=\"dfcd3bc\" data-element_type=\"container\">\n\t\t\t\t<div class=\"elementor-element elementor-element-71cffc6 elementor-widget elementor-widget-text-editor\" data-id=\"71cffc6\" data-element_type=\"widget\" data-widget_type=\"text-editor.default\">\n\t\t\t\t<div class=\"elementor-widget-container\">\n\t\t\t\t\t\t\t\t\t<p>El XIII <span class=\"notranslate\" translate=\"no\"> <span class=\"notranslate\" translate=\"no\"> FIRMA <\/span> <\/span> 2025 online pretende analizar el estado de los recursos acu\u00e1ticos vivos, su grado de explotaci\u00f3n, sostenibilidad, conocimiento y perspectivas de su utilizaci\u00f3n en Iberoam\u00e9rica, interactuando en un escenario en funci\u00f3n de proponer pol\u00edticas de conservaci\u00f3n y sostenibilidad de los recursos, desarrollo de la acuicultura, gesti\u00f3n pesquera y seguridad alimentaria.<\/p><p>Este objetivo debe ser inclusivo, donde todos los sectores puedan participar; por ello, el <span class=\"notranslate\" translate=\"no\"> <span class=\"notranslate\" translate=\"no\"> FIRMA <\/span> <\/span> ha creado un acceso para recibir donativos que ser\u00e1n utilizados, principalmente, para becas de estudiantes e investigadores de instituciones de pa\u00edses con problemas econ\u00f3micos extremos o cualquier demanda de progreso en la sostenibilidad de los recursos marinos para el desarrollo particularmente de pa\u00edses subdesarrollados de Iberoam\u00e9rica. \u00a1Ay\u00fadanos a ayudar!<\/p>\t\t\t\t\t\t\t\t<\/div>\n\t\t\t\t<\/div>\n\t\t\t\t<\/div>\n\t\t<div class=\"elementor-element elementor-element-292f210 e-con-full e-flex e-con e-child\" data-id=\"292f210\" data-element_type=\"container\" data-settings=\"{&quot;background_background&quot;:&quot;classic&quot;}\">\n\t\t\t\t<\/div>\n\t\t\t\t\t<\/div>\n\t\t\t\t<\/div>\n\t\t<div class=\"elementor-element elementor-element-74dd57c e-flex e-con-boxed e-con e-parent\" data-id=\"74dd57c\" data-element_type=\"container\">\n\t\t\t\t\t<div class=\"e-con-inner\">\n\t\t\t\t<div class=\"elementor-element elementor-element-2c868d3 elementor-widget elementor-widget-heading\" data-id=\"2c868d3\" data-element_type=\"widget\" data-widget_type=\"heading.default\">\n\t\t\t\t<div class=\"elementor-widget-container\">\n\t\t\t\t\t<h2 class=\"elementor-heading-title elementor-size-default\">\u00a1\u00daNETE A LOS PATROCINADORES Y CONTRIBUYENTES PARA LA INCLUSI\u00d3N DE TODOS EN EL XIII <span class=\"notranslate\" translate=\"no\"> FIRMA <\/span> 2025!<\/h2>\t\t\t\t<\/div>\n\t\t\t\t<\/div>\n\t\t\t\t\t<\/div>\n\t\t\t\t<\/div>\n\t\t<div class=\"elementor-element elementor-element-b943d23 e-flex e-con-boxed e-con e-parent\" data-id=\"b943d23\" data-element_type=\"container\">\n\t\t\t\t\t<div class=\"e-con-inner\">\n\t\t\t\t<div class=\"elementor-element elementor-element-3d8eb77 elementor-align-center elementor-widget elementor-widget-button\" data-id=\"3d8eb77\" data-element_type=\"widget\" data-widget_type=\"button.default\">\n\t\t\t\t<div class=\"elementor-widget-container\">\n\t\t\t\t\t\t\t\t\t<div class=\"elementor-button-wrapper\">\n\t\t\t\t\t<a class=\"elementor-button elementor-button-link elementor-size-sm\" href=\"https:\/\/firmaonline.org\/redir\/trabajos.php\" target=\"_blank\">\n\t\t\t\t\t\t<span class=\"elementor-button-content-wrapper\">\n\t\t\t\t\t\t\t\t\t<span class=\"elementor-button-text\">Haz tu aporte aqu\u00ed<\/span>\n\t\t\t\t\t<\/span>\n\t\t\t\t\t<\/a>\n\t\t\t\t<\/div>\n\t\t\t\t\t\t\t\t<\/div>\n\t\t\t\t<\/div>\n\t\t\t\t\t<\/div>\n\t\t\t\t<\/div>\n\t\t\t\t<\/div>\n\t\t","protected":false},"excerpt":{"rendered":"<p>Empresas e instituciones programas de patrocinio FIRMA :\u00a0Foro Iberoamericano de Recursos Marinos y la Acuicultura, es un escenario que analiza el estado de los recursos acu\u00e1ticos vivos, su grado de explotaci\u00f3n, cultivo, sostenibilidad, estado del conocimiento y perspectivas futuras para Iberoam\u00e9rica, generando discusi\u00f3n sobre pol\u00edticas de conservaci\u00f3n de los recursos, investigaci\u00f3n y desarrollo de la [&hellip;]<\/p>\n","protected":false},"author":1,"featured_media":0,"parent":0,"menu_order":0,"comment_status":"closed","ping_status":"closed","template":"elementor_header_footer","meta":{"_acf_changed":false,"footnotes":""},"class_list":["post-178","page","type-page","status-publish","hentry"],"acf":[],"_links":{"self":[{"href":"https:\/\/firmaonline.org\/xiii-firma\/wp-json\/wp\/v2\/pages\/178","targetHints":{"allow":["GET"]}}],"collection":[{"href":"https:\/\/firmaonline.org\/xiii-firma\/wp-json\/wp\/v2\/pages"}],"about":[{"href":"https:\/\/firmaonline.org\/xiii-firma\/wp-json\/wp\/v2\/types\/page"}],"author":[{"embeddable":true,"href":"https:\/\/firmaonline.org\/xiii-firma\/wp-json\/wp\/v2\/users\/1"}],"replies":[{"embeddable":true,"href":"https:\/\/firmaonline.org\/xiii-firma\/wp-json\/wp\/v2\/comments?post=178"}],"version-history":[{"count":40,"href":"https:\/\/firmaonline.org\/xiii-firma\/wp-json\/wp\/v2\/pages\/178\/revisions"}],"predecessor-version":[{"id":3219,"href":"https:\/\/firmaonline.org\/xiii-firma\/wp-json\/wp\/v2\/pages\/178\/revisions\/3219"}],"wp:attachment":[{"href":"https:\/\/firmaonline.org\/xiii-firma\/wp-json\/wp\/v2\/media?parent=178"}],"curies":[{"name":"wp","href":"https:\/\/api.w.org\/{rel}","templated":true}]}}